{"id":4471,"date":"2026-05-07T17:08:58","date_gmt":"2026-05-07T22:08:58","guid":{"rendered":"https:\/\/sistemasposcolombia.com\/tienda\/?post_type=product&#038;p=4471"},"modified":"2026-05-08T12:43:09","modified_gmt":"2026-05-08T17:43:09","slug":"lector-qr-omnidireccional-bluetooth","status":"publish","type":"product","link":"https:\/\/sistemasposcolombia.com\/tienda\/producto\/lector-qr-omnidireccional-bluetooth\/","title":{"rendered":"Lector Omnidireccional C\u00f3digos 1D \/ 2D QR Inalambrico Bluethoot"},"content":{"rendered":"<p data-start=\"388\" data-end=\"731\">El <strong data-start=\"391\" data-end=\"421\">lector de c\u00f3digo de barras<\/strong> omnidireccional 2D de Sistemas POS Colombia ofrece una lectura r\u00e1pida y precisa para negocios que buscan agilizar la facturaci\u00f3n y mejorar la atenci\u00f3n al cliente. Este <strong data-start=\"590\" data-end=\"613\">lector QR bluetooth<\/strong> permite escanear c\u00f3digos 1D, 2D y QR desde diferentes \u00e1ngulos gracias a su tecnolog\u00eda avanzada de lectura autom\u00e1tica.<\/p>\n<p data-start=\"733\" data-end=\"992\">Adem\u00e1s, este <strong data-start=\"746\" data-end=\"777\">scanner de c\u00f3digo de barras<\/strong> cuenta con conexi\u00f3n USB Tipo C, Bluetooth y WiFi con antena incluida. Por ello, brinda mayor flexibilidad y comodidad en puntos de pago, cajas registradoras y estaciones de trabajo con conexi\u00f3n inal\u00e1mbrica estable.<\/p>\n<p data-start=\"994\" data-end=\"1252\">Por otra parte, el <strong data-start=\"1013\" data-end=\"1026\">lector QR<\/strong> es ideal para supermercados, tiendas, droguer\u00edas, restaurantes y negocios que utilizan sistemas de facturaci\u00f3n e inventario. Asimismo, el lector QR bluetooth mejora la movilidad y facilita el trabajo en cajas de alto tr\u00e1fico.<\/p>\n<p data-start=\"1254\" data-end=\"1546\">Adem\u00e1s, el <strong data-start=\"1265\" data-end=\"1303\">lector omnidireccional inal\u00e1mbrico<\/strong> ofrece un dise\u00f1o resistente, compacto y ergon\u00f3mico, pensado para brindar un rendimiento estable durante largas jornadas de trabajo. Tambi\u00e9n funciona perfectamente con software POS, plataformas de inventario y sistemas compatibles con Windows.<\/p>\n<p data-start=\"1548\" data-end=\"1733\" data-is-last-node=\"\" data-is-only-node=\"\">En conclusi\u00f3n, este lector de c\u00f3digos es una excelente opci\u00f3n para negocios que necesitan rapidez, precisi\u00f3n y conectividad inal\u00e1mbrica en sus procesos de venta y control de inventario.<\/p>\n<p style=\"text-align: center;\"><a href=\"https:\/\/sistemasposcolombia.com\/tienda\/reembolso_devoluciones\/\"><strong>GARANT\u00cdA 6 MESES<\/strong><\/a><\/p>\n","protected":false},"excerpt":{"rendered":"<p data-start=\"382\" data-end=\"420\">\ud83d\uded2\u00a0<strong data-start=\"385\" data-end=\"420\">Compra online directa y segura.<\/strong><\/p>\n<p data-start=\"422\" data-end=\"484\">\ud83d\udce6 <strong data-start=\"425\" data-end=\"484\">Producto disponible en inventario para env\u00edo inmediato.<\/strong><\/p>\n<p data-start=\"486\" data-end=\"583\">\ud83d\ude9a\u00a0<strong data-start=\"489\" data-end=\"542\">Env\u00edo GRATIS disponible a gran parte de Colombia.<\/strong>\u00a0<em data-start=\"543\" data-end=\"583\">(<a href=\"https:\/\/sistemasposcolombia.com\/tienda\/politica-de-envios\/\">Consulta t\u00e9rminos y condiciones aqu\u00ed<\/a>)<\/em><\/p>\n<p data-start=\"585\" data-end=\"622\">\ud83d\udd12\u00a0<strong data-start=\"588\" data-end=\"622\">Nuevo, sellado y con garant\u00eda.<\/strong><\/p>\n<ul>\n<li>Lectura Autom\u00e1tica, r\u00e1pida con Multi Protocolo para C\u00f3digos 1D\/2D y QR<\/li>\n<li>Tres Modos de Conexi\u00f3n USB, Bluethoot y WIFI con Antena Incluida<\/li>\n<li>Alta, r\u00e1pida y eficiente precisi\u00f3n de Escaneo con Sensor de alta precisi\u00f3n<\/li>\n<li>F\u00e1cil programaci\u00f3n y configuraci\u00f3n Plug &amp; Play<\/li>\n<li><strong>Precio especial para Distribuidores o Cantidad<\/strong><\/li>\n<li>Compatibilidad con Windows, Linux, Android y IOS, tambi\u00e9n con Cualquier Gestor POS<\/li>\n<li><a href=\"https:\/\/sistemasposcolombia.com\/tienda\/reembolso_devoluciones\/\"><strong>GARANT\u00cdA 6 MESES<\/strong><\/a><\/li>\n<\/ul>\n","protected":false},"featured_media":4501,"comment_status":"open","ping_status":"closed","template":"","meta":[],"product_brand":[],"product_cat":[30],"product_tag":[],"class_list":{"0":"post-4471","1":"product","2":"type-product","3":"status-publish","4":"has-post-thumbnail","6":"product_cat-lectores-de-codigos-de-barras","8":"first","9":"instock","10":"taxable","11":"shipping-taxable","12":"purchasable","13":"product-type-simple"},"composite_virtual":false,"composite_layout":"","composite_add_to_cart_form_location":"","composite_editable_in_cart":false,"composite_sold_individually_context":"","composite_shop_price_calc":"","composite_components":[],"composite_scenarios":[],"yoast_head":"<!-- This site is optimized with the Yoast SEO Premium plugin v26.2 (Yoast SEO v26.2) - https:\/\/yoast.com\/wordpress\/plugins\/seo\/ -->\n<title>Lector Omnidireccional Inalambrico Bluethoot - Sistemas POS Colombia<\/title>\n<meta name=\"description\" content=\"Optimiza tu negocio con este lector QR bluetooth omnidireccional para POS. Scanner de c\u00f3digo de barras r\u00e1pido, preciso e inal\u00e1mbrico.\" \/>\n<meta name=\"robots\" content=\"index, follow, max-snippet:-1, max-image-preview:large, max-video-preview:-1\" \/>\n<link rel=\"canonical\" href=\"https:\/\/sistemasposcolombia.com\/tienda\/producto\/lector-qr-omnidireccional-bluetooth\/\" \/>\n<meta property=\"og:locale\" content=\"es_ES\" \/>\n<meta property=\"og:type\" content=\"article\" \/>\n<meta property=\"og:title\" content=\"Lector Omnidireccional C\u00f3digos 1D \/ 2D QR Inalambrico Bluethoot\" \/>\n<meta property=\"og:description\" content=\"Optimiza tu negocio con este lector QR bluetooth omnidireccional para POS. Scanner de c\u00f3digo de barras r\u00e1pido, preciso e inal\u00e1mbrico.\" \/>\n<meta property=\"og:url\" content=\"https:\/\/sistemasposcolombia.com\/tienda\/producto\/lector-qr-omnidireccional-bluetooth\/\" \/>\n<meta property=\"og:site_name\" content=\"Sistemas POS Colombia\" \/>\n<meta property=\"article:publisher\" content=\"https:\/\/www.facebook.com\/sistemasposcolombia\" \/>\n<meta property=\"article:modified_time\" content=\"2026-05-08T17:43:09+00:00\" \/>\n<meta property=\"og:image\" content=\"https:\/\/sistemasposcolombia.com\/tienda\/wp-content\/uploads\/2026\/05\/lector-omnidireccional-inalambrico.webp\" \/>\n\t<meta property=\"og:image:width\" content=\"1080\" \/>\n\t<meta property=\"og:image:height\" content=\"1080\" \/>\n\t<meta property=\"og:image:type\" content=\"image\/webp\" \/>\n<meta name=\"twitter:card\" content=\"summary_large_image\" \/>\n<meta name=\"twitter:label1\" content=\"Precio\" \/>\n\t<meta name=\"twitter:data1\" content=\"&#036;&nbsp;225.000\" \/>\n\t<meta name=\"twitter:label2\" content=\"Disponibilidad\" \/>\n\t<meta name=\"twitter:data2\" content=\"Disponible\" \/>\n<script type=\"application\/ld+json\" class=\"yoast-schema-graph\">{\"@context\":\"https:\/\/schema.org\",\"@graph\":[{\"@type\":\"WebPage\",\"@id\":\"https:\/\/sistemasposcolombia.com\/tienda\/producto\/lector-qr-omnidireccional-bluetooth\/\",\"url\":\"https:\/\/sistemasposcolombia.com\/tienda\/producto\/lector-qr-omnidireccional-bluetooth\/\",\"name\":\"Lector Omnidireccional Inalambrico Bluethoot - Sistemas POS Colombia\",\"isPartOf\":{\"@id\":\"https:\/\/sistemasposcolombia.com\/tienda\/#website\"},\"primaryImageOfPage\":{\"@id\":\"https:\/\/sistemasposcolombia.com\/tienda\/producto\/lector-qr-omnidireccional-bluetooth\/#primaryimage\"},\"image\":{\"@id\":\"https:\/\/sistemasposcolombia.com\/tienda\/producto\/lector-qr-omnidireccional-bluetooth\/#primaryimage\"},\"thumbnailUrl\":\"https:\/\/sistemasposcolombia.com\/tienda\/wp-content\/uploads\/2026\/05\/lector-omnidireccional-inalambrico.webp\",\"datePublished\":\"2026-05-07T22:08:58+00:00\",\"dateModified\":\"2026-05-08T17:43:09+00:00\",\"description\":\"Optimiza tu negocio con este lector QR bluetooth omnidireccional para POS. Scanner de c\u00f3digo de barras r\u00e1pido, preciso e inal\u00e1mbrico.\",\"breadcrumb\":{\"@id\":\"https:\/\/sistemasposcolombia.com\/tienda\/producto\/lector-qr-omnidireccional-bluetooth\/#breadcrumb\"},\"inLanguage\":\"es\",\"potentialAction\":[{\"@type\":\"ReadAction\",\"target\":[\"https:\/\/sistemasposcolombia.com\/tienda\/producto\/lector-qr-omnidireccional-bluetooth\/\"]}]},{\"@type\":\"ImageObject\",\"inLanguage\":\"es\",\"@id\":\"https:\/\/sistemasposcolombia.com\/tienda\/producto\/lector-qr-omnidireccional-bluetooth\/#primaryimage\",\"url\":\"https:\/\/sistemasposcolombia.com\/tienda\/wp-content\/uploads\/2026\/05\/lector-omnidireccional-inalambrico.webp\",\"contentUrl\":\"https:\/\/sistemasposcolombia.com\/tienda\/wp-content\/uploads\/2026\/05\/lector-omnidireccional-inalambrico.webp\",\"width\":1080,\"height\":1080,\"caption\":\"lector QR omnidireccional bluetooth para POS\"},{\"@type\":\"BreadcrumbList\",\"@id\":\"https:\/\/sistemasposcolombia.com\/tienda\/producto\/lector-qr-omnidireccional-bluetooth\/#breadcrumb\",\"itemListElement\":[{\"@type\":\"ListItem\",\"position\":1,\"name\":\"Portada\",\"item\":\"https:\/\/sistemasposcolombia.com\/tienda\/\"},{\"@type\":\"ListItem\",\"position\":2,\"name\":\"Tienda Oficial\",\"item\":\"https:\/\/sistemasposcolombia.com\/tienda\/\"},{\"@type\":\"ListItem\",\"position\":3,\"name\":\"Lector Omnidireccional C\u00f3digos 1D \/ 2D QR Inalambrico Bluethoot\"}]},{\"@type\":\"WebSite\",\"@id\":\"https:\/\/sistemasposcolombia.com\/tienda\/#website\",\"url\":\"https:\/\/sistemasposcolombia.com\/tienda\/\",\"name\":\"Sistemas POS Colombia\",\"description\":\"Tienda Oficial\",\"publisher\":{\"@id\":\"https:\/\/sistemasposcolombia.com\/tienda\/#organization\"},\"potentialAction\":[{\"@type\":\"SearchAction\",\"target\":{\"@type\":\"EntryPoint\",\"urlTemplate\":\"https:\/\/sistemasposcolombia.com\/tienda\/?s={search_term_string}\"},\"query-input\":{\"@type\":\"PropertyValueSpecification\",\"valueRequired\":true,\"valueName\":\"search_term_string\"}}],\"inLanguage\":\"es\"},{\"@type\":\"Organization\",\"@id\":\"https:\/\/sistemasposcolombia.com\/tienda\/#organization\",\"name\":\"Sistemas POS Colombia\",\"url\":\"https:\/\/sistemasposcolombia.com\/tienda\/\",\"logo\":{\"@type\":\"ImageObject\",\"inLanguage\":\"es\",\"@id\":\"https:\/\/sistemasposcolombia.com\/tienda\/#\/schema\/logo\/image\/\",\"url\":\"https:\/\/sistemasposcolombia.com\/tienda\/wp-content\/uploads\/2025\/10\/Logo-Header.webp\",\"contentUrl\":\"https:\/\/sistemasposcolombia.com\/tienda\/wp-content\/uploads\/2025\/10\/Logo-Header.webp\",\"width\":392,\"height\":192,\"caption\":\"Sistemas POS Colombia\"},\"image\":{\"@id\":\"https:\/\/sistemasposcolombia.com\/tienda\/#\/schema\/logo\/image\/\"},\"sameAs\":[\"https:\/\/www.facebook.com\/sistemasposcolombia\",\"https:\/\/www.instagram.com\/sistemasposcolombia\/\",\"https:\/\/www.youtube.com\/@sistemasposcolombia\",\"https:\/\/sistemasposcolombia.com\/\"]}]}<\/script>\n<meta property=\"product:price:amount\" content=\"225000\" \/>\n<meta property=\"product:price:currency\" content=\"COP\" \/>\n<meta property=\"og:availability\" content=\"instock\" \/>\n<meta property=\"product:availability\" content=\"instock\" \/>\n<meta property=\"product:retailer_item_id\" content=\"CX50BG\" \/>\n<meta property=\"product:condition\" content=\"new\" \/>\n<!-- \/ Yoast SEO Premium plugin. -->","yoast_head_json":{"title":"Lector Omnidireccional Inalambrico Bluethoot - Sistemas POS Colombia","description":"Optimiza tu negocio con este lector QR bluetooth omnidireccional para POS. Scanner de c\u00f3digo de barras r\u00e1pido, preciso e inal\u00e1mbrico.","robots":{"index":"index","follow":"follow","max-snippet":"max-snippet:-1","max-image-preview":"max-image-preview:large","max-video-preview":"max-video-preview:-1"},"canonical":"https:\/\/sistemasposcolombia.com\/tienda\/producto\/lector-qr-omnidireccional-bluetooth\/","og_locale":"es_ES","og_type":"article","og_title":"Lector Omnidireccional C\u00f3digos 1D \/ 2D QR Inalambrico Bluethoot","og_description":"Optimiza tu negocio con este lector QR bluetooth omnidireccional para POS. Scanner de c\u00f3digo de barras r\u00e1pido, preciso e inal\u00e1mbrico.","og_url":"https:\/\/sistemasposcolombia.com\/tienda\/producto\/lector-qr-omnidireccional-bluetooth\/","og_site_name":"Sistemas POS Colombia","article_publisher":"https:\/\/www.facebook.com\/sistemasposcolombia","article_modified_time":"2026-05-08T17:43:09+00:00","og_image":[{"width":1080,"height":1080,"url":"https:\/\/sistemasposcolombia.com\/tienda\/wp-content\/uploads\/2026\/05\/lector-omnidireccional-inalambrico.webp","type":"image\/webp"}],"twitter_card":"summary_large_image","twitter_misc":{"Precio":"&#36;&nbsp;225.000","Disponibilidad":"Disponible"},"schema":{"@context":"https:\/\/schema.org","@graph":[{"@type":"WebPage","@id":"https:\/\/sistemasposcolombia.com\/tienda\/producto\/lector-qr-omnidireccional-bluetooth\/","url":"https:\/\/sistemasposcolombia.com\/tienda\/producto\/lector-qr-omnidireccional-bluetooth\/","name":"Lector Omnidireccional Inalambrico Bluethoot - Sistemas POS Colombia","isPartOf":{"@id":"https:\/\/sistemasposcolombia.com\/tienda\/#website"},"primaryImageOfPage":{"@id":"https:\/\/sistemasposcolombia.com\/tienda\/producto\/lector-qr-omnidireccional-bluetooth\/#primaryimage"},"image":{"@id":"https:\/\/sistemasposcolombia.com\/tienda\/producto\/lector-qr-omnidireccional-bluetooth\/#primaryimage"},"thumbnailUrl":"https:\/\/sistemasposcolombia.com\/tienda\/wp-content\/uploads\/2026\/05\/lector-omnidireccional-inalambrico.webp","datePublished":"2026-05-07T22:08:58+00:00","dateModified":"2026-05-08T17:43:09+00:00","description":"Optimiza tu negocio con este lector QR bluetooth omnidireccional para POS. Scanner de c\u00f3digo de barras r\u00e1pido, preciso e inal\u00e1mbrico.","breadcrumb":{"@id":"https:\/\/sistemasposcolombia.com\/tienda\/producto\/lector-qr-omnidireccional-bluetooth\/#breadcrumb"},"inLanguage":"es","potentialAction":[{"@type":"ReadAction","target":["https:\/\/sistemasposcolombia.com\/tienda\/producto\/lector-qr-omnidireccional-bluetooth\/"]}]},{"@type":"ImageObject","inLanguage":"es","@id":"https:\/\/sistemasposcolombia.com\/tienda\/producto\/lector-qr-omnidireccional-bluetooth\/#primaryimage","url":"https:\/\/sistemasposcolombia.com\/tienda\/wp-content\/uploads\/2026\/05\/lector-omnidireccional-inalambrico.webp","contentUrl":"https:\/\/sistemasposcolombia.com\/tienda\/wp-content\/uploads\/2026\/05\/lector-omnidireccional-inalambrico.webp","width":1080,"height":1080,"caption":"lector QR omnidireccional bluetooth para POS"},{"@type":"BreadcrumbList","@id":"https:\/\/sistemasposcolombia.com\/tienda\/producto\/lector-qr-omnidireccional-bluetooth\/#breadcrumb","itemListElement":[{"@type":"ListItem","position":1,"name":"Portada","item":"https:\/\/sistemasposcolombia.com\/tienda\/"},{"@type":"ListItem","position":2,"name":"Tienda Oficial","item":"https:\/\/sistemasposcolombia.com\/tienda\/"},{"@type":"ListItem","position":3,"name":"Lector Omnidireccional C\u00f3digos 1D \/ 2D QR Inalambrico Bluethoot"}]},{"@type":"WebSite","@id":"https:\/\/sistemasposcolombia.com\/tienda\/#website","url":"https:\/\/sistemasposcolombia.com\/tienda\/","name":"Sistemas POS Colombia","description":"Tienda Oficial","publisher":{"@id":"https:\/\/sistemasposcolombia.com\/tienda\/#organization"},"potentialAction":[{"@type":"SearchAction","target":{"@type":"EntryPoint","urlTemplate":"https:\/\/sistemasposcolombia.com\/tienda\/?s={search_term_string}"},"query-input":{"@type":"PropertyValueSpecification","valueRequired":true,"valueName":"search_term_string"}}],"inLanguage":"es"},{"@type":"Organization","@id":"https:\/\/sistemasposcolombia.com\/tienda\/#organization","name":"Sistemas POS Colombia","url":"https:\/\/sistemasposcolombia.com\/tienda\/","logo":{"@type":"ImageObject","inLanguage":"es","@id":"https:\/\/sistemasposcolombia.com\/tienda\/#\/schema\/logo\/image\/","url":"https:\/\/sistemasposcolombia.com\/tienda\/wp-content\/uploads\/2025\/10\/Logo-Header.webp","contentUrl":"https:\/\/sistemasposcolombia.com\/tienda\/wp-content\/uploads\/2025\/10\/Logo-Header.webp","width":392,"height":192,"caption":"Sistemas POS Colombia"},"image":{"@id":"https:\/\/sistemasposcolombia.com\/tienda\/#\/schema\/logo\/image\/"},"sameAs":["https:\/\/www.facebook.com\/sistemasposcolombia","https:\/\/www.instagram.com\/sistemasposcolombia\/","https:\/\/www.youtube.com\/@sistemasposcolombia","https:\/\/sistemasposcolombia.com\/"]}]},"product_price_amount":"225000","product_price_currency":"COP","og_availability":"instock","product_availability":"instock","product_retailer_item_id":"CX50BG","product_condition":"new"},"_links":{"self":[{"href":"https:\/\/sistemasposcolombia.com\/tienda\/wp-json\/wp\/v2\/product\/4471","targetHints":{"allow":["GET"]}}],"collection":[{"href":"https:\/\/sistemasposcolombia.com\/tienda\/wp-json\/wp\/v2\/product"}],"about":[{"href":"https:\/\/sistemasposcolombia.com\/tienda\/wp-json\/wp\/v2\/types\/product"}],"replies":[{"embeddable":true,"href":"https:\/\/sistemasposcolombia.com\/tienda\/wp-json\/wp\/v2\/comments?post=4471"}],"wp:featuredmedia":[{"embeddable":true,"href":"https:\/\/sistemasposcolombia.com\/tienda\/wp-json\/wp\/v2\/media\/4501"}],"wp:attachment":[{"href":"https:\/\/sistemasposcolombia.com\/tienda\/wp-json\/wp\/v2\/media?parent=4471"}],"wp:term":[{"taxonomy":"product_brand","embeddable":true,"href":"https:\/\/sistemasposcolombia.com\/tienda\/wp-json\/wp\/v2\/product_brand?post=4471"},{"taxonomy":"product_cat","embeddable":true,"href":"https:\/\/sistemasposcolombia.com\/tienda\/wp-json\/wp\/v2\/product_cat?post=4471"},{"taxonomy":"product_tag","embeddable":true,"href":"https:\/\/sistemasposcolombia.com\/tienda\/wp-json\/wp\/v2\/product_tag?post=4471"}],"curies":[{"name":"wp","href":"https:\/\/api.w.org\/{rel}","templated":true}]}}