{"id":3850,"date":"2025-12-09T17:44:15","date_gmt":"2025-12-09T22:44:15","guid":{"rendered":"https:\/\/sistemasposcolombia.com\/tienda\/?post_type=product&#038;p=3850"},"modified":"2026-04-17T14:15:58","modified_gmt":"2026-04-17T19:15:58","slug":"impresora-pos-termica-80mm-jaltech","status":"publish","type":"product","link":"https:\/\/sistemasposcolombia.com\/tienda\/producto\/impresora-pos-termica-80mm-jaltech\/","title":{"rendered":"Impresora POS 80mm T\u00e9rmica Jaltech"},"content":{"rendered":"<p>Optimiza la impresi\u00f3n de recibos y tickets en tu punto de venta con nuestra Impresora t\u00e9rmica Punto de Venta POS 80mm Dise\u00f1ada para brindar una impresi\u00f3n r\u00e1pida y de alta calidad, esta impresora es la elecci\u00f3n perfecta para tu negocio. Con su dise\u00f1o compacto y eficiente, ocupa poco espacio en tu \u00e1rea de trabajo mientras garantiza un rendimiento excepcional.<\/p>\n<ul>\n<li>Dise\u00f1o Industrial de Alto tr\u00e1fico con ancho de impresi\u00f3n de 80mm<\/li>\n<li>Auto Cortador, Protocolo de Comandos ECS\/POS Epson, conexi\u00f3n para caj\u00f3n monedero RJ11<\/li>\n<li>Conexi\u00f3n USB<\/li>\n<li>Dise\u00f1o Ergon\u00f3mico y Compacto<\/li>\n<li>Compatible con cualquier gestor de puntos de pago POS o software de facturaci\u00f3n electr\u00f3nica del mercado<\/li>\n<li>Controlador de f\u00e1cil instalaci\u00f3n con descarga directa desde el enlace disponible en esta p\u00e1gina. Compatible con Windows, Linux y Mac, seg\u00fan especificaciones oficiales del fabricante.<\/li>\n<\/ul>\n<p>Nuestra impresora t\u00e9rmica POS Punto de Venta 80mm facilita una instalaci\u00f3n sencilla y una operaci\u00f3n sin complicaciones. Su conectividad USB la hace compatible con una amplia gama de dispositivos, asegurando una integraci\u00f3n perfecta con tu sistema POS. Adem\u00e1s, su funci\u00f3n de auto-corte garantiza una experiencia de usuario fluida y profesional.<\/p>\n<p style=\"text-align: center;\"><a href=\"https:\/\/sistemasposcolombia.com\/tienda\/reembolso_devoluciones\/\"><strong>GARANT\u00cdA 6 MESES<\/strong><\/a><\/p>\n<p style=\"text-align: center;\"><a href=\"https:\/\/sistemasposcolombia.com\/tienda\/descargas\/jaltech.zip\"><img decoding=\"async\" class=\"alignnone wp-image-3448 size-medium\" src=\"https:\/\/sistemasposcolombia.com\/tienda\/wp-content\/uploads\/2025\/10\/Boton-Descarga-Controlador-300x147.webp\" alt=\"\" width=\"300\" height=\"147\" \/><\/a><\/p>\n","protected":false},"excerpt":{"rendered":"<p data-start=\"382\" data-end=\"420\">\ud83d\uded2 <strong data-start=\"385\" data-end=\"420\">Compra online directa y segura.<\/strong><\/p>\n<p data-start=\"422\" data-end=\"484\">\ud83d\udce6 <strong data-start=\"425\" data-end=\"484\">Producto disponible en inventario para env\u00edo inmediato.<\/strong><\/p>\n<p data-start=\"486\" data-end=\"583\">\ud83d\ude9a <strong data-start=\"489\" data-end=\"542\">Env\u00edo GRATIS disponible a gran parte de Colombia.<\/strong> <em data-start=\"543\" data-end=\"583\">(<a href=\"https:\/\/sistemasposcolombia.com\/tienda\/politica-de-envios\/\">Consulta t\u00e9rminos y condiciones aqu\u00ed<\/a>)<\/em><\/p>\n<p data-start=\"585\" data-end=\"622\">\ud83d\udd12 <strong data-start=\"588\" data-end=\"622\">Nuevo, sellado y con garant\u00eda.<\/strong><\/p>\n<ul>\n<li>Impresora t\u00e9rmica de 80 mm con funci\u00f3n de auto corte<\/li>\n<li>Compatible con Windows, Linux y Mac, seg\u00fan especificaciones oficiales del fabricante<\/li>\n<li>Compatible <strong>con cualquier sistema POS o software de facturaci\u00f3n<\/strong> electr\u00f3nica del mercado<\/li>\n<li>Soporta protocolo est\u00e1ndar ESC\/POS Epson y cuenta con conexi\u00f3n para caj\u00f3n monedero RJ11<\/li>\n<li><a href=\"https:\/\/sistemasposcolombia.com\/tienda\/reembolso_devoluciones\/\"><strong>Garant\u00eda: 6 meses (Ver condiciones)<\/strong><\/a><\/li>\n<\/ul>\n","protected":false},"featured_media":3415,"comment_status":"open","ping_status":"closed","template":"","meta":[],"product_brand":[],"product_cat":[28],"product_tag":[],"class_list":{"0":"post-3850","1":"product","2":"type-product","3":"status-publish","4":"has-post-thumbnail","6":"product_cat-impresoras-pos-punto-de-pago","8":"first","9":"instock","10":"taxable","11":"shipping-taxable","12":"purchasable","13":"product-type-simple"},"composite_virtual":false,"composite_layout":"","composite_add_to_cart_form_location":"","composite_editable_in_cart":false,"composite_sold_individually_context":"","composite_shop_price_calc":"","composite_components":[],"composite_scenarios":[],"yoast_head":"<!-- This site is optimized with the Yoast SEO Premium plugin v26.2 (Yoast SEO v26.2) - https:\/\/yoast.com\/wordpress\/plugins\/seo\/ -->\n<title>Impresora pos t\u00e9rmica Punto de Venta 80mm Jaltech - Sistemas POS Colombia<\/title>\n<meta name=\"description\" content=\"Perfecciona tu negocio con nuestra Impresora t\u00e9rmica Punto de Venta POS 80mm R\u00e1pida y confiable, perfecta para imprimir recibos y tickets con m\u00e1s contenido.\" \/>\n<meta name=\"robots\" content=\"index, follow, max-snippet:-1, max-image-preview:large, max-video-preview:-1\" \/>\n<link rel=\"canonical\" href=\"https:\/\/sistemasposcolombia.com\/tienda\/producto\/impresora-pos-termica-80mm-jaltech\/\" \/>\n<meta property=\"og:locale\" content=\"es_ES\" \/>\n<meta property=\"og:type\" content=\"article\" \/>\n<meta property=\"og:title\" content=\"Impresora POS 80mm T\u00e9rmica Jaltech\" \/>\n<meta property=\"og:description\" content=\"Perfecciona tu negocio con nuestra Impresora t\u00e9rmica Punto de Venta POS 80mm R\u00e1pida y confiable, perfecta para imprimir recibos y tickets con m\u00e1s contenido.\" \/>\n<meta property=\"og:url\" content=\"https:\/\/sistemasposcolombia.com\/tienda\/producto\/impresora-pos-termica-80mm-jaltech\/\" \/>\n<meta property=\"og:site_name\" content=\"Sistemas POS Colombia\" \/>\n<meta property=\"article:publisher\" content=\"https:\/\/www.facebook.com\/sistemasposcolombia\" \/>\n<meta property=\"article:modified_time\" content=\"2026-04-17T19:15:58+00:00\" \/>\n<meta property=\"og:image\" content=\"https:\/\/sistemasposcolombia.com\/tienda\/wp-content\/uploads\/2025\/10\/Impresora-POS-Jaltech-1.webp\" \/>\n\t<meta property=\"og:image:width\" content=\"1080\" \/>\n\t<meta property=\"og:image:height\" content=\"1080\" \/>\n\t<meta property=\"og:image:type\" content=\"image\/webp\" \/>\n<meta name=\"twitter:card\" content=\"summary_large_image\" \/>\n<meta name=\"twitter:label1\" content=\"Precio\" \/>\n\t<meta name=\"twitter:data1\" content=\"&#036;&nbsp;220.000\" \/>\n\t<meta name=\"twitter:label2\" content=\"Disponibilidad\" \/>\n\t<meta name=\"twitter:data2\" content=\"Disponible\" \/>\n<script type=\"application\/ld+json\" class=\"yoast-schema-graph\">{\"@context\":\"https:\/\/schema.org\",\"@graph\":[{\"@type\":\"WebPage\",\"@id\":\"https:\/\/sistemasposcolombia.com\/tienda\/producto\/impresora-pos-termica-80mm-jaltech\/\",\"url\":\"https:\/\/sistemasposcolombia.com\/tienda\/producto\/impresora-pos-termica-80mm-jaltech\/\",\"name\":\"Impresora pos t\u00e9rmica Punto de Venta 80mm Jaltech - Sistemas POS Colombia\",\"isPartOf\":{\"@id\":\"https:\/\/sistemasposcolombia.com\/tienda\/#website\"},\"primaryImageOfPage\":{\"@id\":\"https:\/\/sistemasposcolombia.com\/tienda\/producto\/impresora-pos-termica-80mm-jaltech\/#primaryimage\"},\"image\":{\"@id\":\"https:\/\/sistemasposcolombia.com\/tienda\/producto\/impresora-pos-termica-80mm-jaltech\/#primaryimage\"},\"thumbnailUrl\":\"https:\/\/sistemasposcolombia.com\/tienda\/wp-content\/uploads\/2025\/10\/Impresora-POS-Jaltech-1.webp\",\"datePublished\":\"2025-12-09T22:44:15+00:00\",\"dateModified\":\"2026-04-17T19:15:58+00:00\",\"description\":\"Perfecciona tu negocio con nuestra Impresora t\u00e9rmica Punto de Venta POS 80mm R\u00e1pida y confiable, perfecta para imprimir recibos y tickets con m\u00e1s contenido.\",\"breadcrumb\":{\"@id\":\"https:\/\/sistemasposcolombia.com\/tienda\/producto\/impresora-pos-termica-80mm-jaltech\/#breadcrumb\"},\"inLanguage\":\"es\",\"potentialAction\":[{\"@type\":\"ReadAction\",\"target\":[\"https:\/\/sistemasposcolombia.com\/tienda\/producto\/impresora-pos-termica-80mm-jaltech\/\"]}]},{\"@type\":\"ImageObject\",\"inLanguage\":\"es\",\"@id\":\"https:\/\/sistemasposcolombia.com\/tienda\/producto\/impresora-pos-termica-80mm-jaltech\/#primaryimage\",\"url\":\"https:\/\/sistemasposcolombia.com\/tienda\/wp-content\/uploads\/2025\/10\/Impresora-POS-Jaltech-1.webp\",\"contentUrl\":\"https:\/\/sistemasposcolombia.com\/tienda\/wp-content\/uploads\/2025\/10\/Impresora-POS-Jaltech-1.webp\",\"width\":1080,\"height\":1080,\"caption\":\"Impresora POS 80mm Jaltech\"},{\"@type\":\"BreadcrumbList\",\"@id\":\"https:\/\/sistemasposcolombia.com\/tienda\/producto\/impresora-pos-termica-80mm-jaltech\/#breadcrumb\",\"itemListElement\":[{\"@type\":\"ListItem\",\"position\":1,\"name\":\"Portada\",\"item\":\"https:\/\/sistemasposcolombia.com\/tienda\/\"},{\"@type\":\"ListItem\",\"position\":2,\"name\":\"Tienda Oficial\",\"item\":\"https:\/\/sistemasposcolombia.com\/tienda\/\"},{\"@type\":\"ListItem\",\"position\":3,\"name\":\"Impresora POS 80mm T\u00e9rmica Jaltech\"}]},{\"@type\":\"WebSite\",\"@id\":\"https:\/\/sistemasposcolombia.com\/tienda\/#website\",\"url\":\"https:\/\/sistemasposcolombia.com\/tienda\/\",\"name\":\"Sistemas POS Colombia\",\"description\":\"Tienda Oficial\",\"publisher\":{\"@id\":\"https:\/\/sistemasposcolombia.com\/tienda\/#organization\"},\"potentialAction\":[{\"@type\":\"SearchAction\",\"target\":{\"@type\":\"EntryPoint\",\"urlTemplate\":\"https:\/\/sistemasposcolombia.com\/tienda\/?s={search_term_string}\"},\"query-input\":{\"@type\":\"PropertyValueSpecification\",\"valueRequired\":true,\"valueName\":\"search_term_string\"}}],\"inLanguage\":\"es\"},{\"@type\":\"Organization\",\"@id\":\"https:\/\/sistemasposcolombia.com\/tienda\/#organization\",\"name\":\"Sistemas POS Colombia\",\"url\":\"https:\/\/sistemasposcolombia.com\/tienda\/\",\"logo\":{\"@type\":\"ImageObject\",\"inLanguage\":\"es\",\"@id\":\"https:\/\/sistemasposcolombia.com\/tienda\/#\/schema\/logo\/image\/\",\"url\":\"https:\/\/sistemasposcolombia.com\/tienda\/wp-content\/uploads\/2025\/10\/Logo-Header.webp\",\"contentUrl\":\"https:\/\/sistemasposcolombia.com\/tienda\/wp-content\/uploads\/2025\/10\/Logo-Header.webp\",\"width\":392,\"height\":192,\"caption\":\"Sistemas POS Colombia\"},\"image\":{\"@id\":\"https:\/\/sistemasposcolombia.com\/tienda\/#\/schema\/logo\/image\/\"},\"sameAs\":[\"https:\/\/www.facebook.com\/sistemasposcolombia\",\"https:\/\/www.instagram.com\/sistemasposcolombia\/\",\"https:\/\/www.youtube.com\/@sistemasposcolombia\",\"https:\/\/sistemasposcolombia.com\/\"]}]}<\/script>\n<meta property=\"product:price:amount\" content=\"220000\" \/>\n<meta property=\"product:price:currency\" content=\"COP\" \/>\n<meta property=\"og:availability\" content=\"instock\" \/>\n<meta property=\"product:availability\" content=\"instock\" \/>\n<meta property=\"product:condition\" content=\"new\" \/>\n<!-- \/ Yoast SEO Premium plugin. -->","yoast_head_json":{"title":"Impresora pos t\u00e9rmica Punto de Venta 80mm Jaltech - Sistemas POS Colombia","description":"Perfecciona tu negocio con nuestra Impresora t\u00e9rmica Punto de Venta POS 80mm R\u00e1pida y confiable, perfecta para imprimir recibos y tickets con m\u00e1s contenido.","robots":{"index":"index","follow":"follow","max-snippet":"max-snippet:-1","max-image-preview":"max-image-preview:large","max-video-preview":"max-video-preview:-1"},"canonical":"https:\/\/sistemasposcolombia.com\/tienda\/producto\/impresora-pos-termica-80mm-jaltech\/","og_locale":"es_ES","og_type":"article","og_title":"Impresora POS 80mm T\u00e9rmica Jaltech","og_description":"Perfecciona tu negocio con nuestra Impresora t\u00e9rmica Punto de Venta POS 80mm R\u00e1pida y confiable, perfecta para imprimir recibos y tickets con m\u00e1s contenido.","og_url":"https:\/\/sistemasposcolombia.com\/tienda\/producto\/impresora-pos-termica-80mm-jaltech\/","og_site_name":"Sistemas POS Colombia","article_publisher":"https:\/\/www.facebook.com\/sistemasposcolombia","article_modified_time":"2026-04-17T19:15:58+00:00","og_image":[{"width":1080,"height":1080,"url":"https:\/\/sistemasposcolombia.com\/tienda\/wp-content\/uploads\/2025\/10\/Impresora-POS-Jaltech-1.webp","type":"image\/webp"}],"twitter_card":"summary_large_image","twitter_misc":{"Precio":"&#36;&nbsp;220.000","Disponibilidad":"Disponible"},"schema":{"@context":"https:\/\/schema.org","@graph":[{"@type":"WebPage","@id":"https:\/\/sistemasposcolombia.com\/tienda\/producto\/impresora-pos-termica-80mm-jaltech\/","url":"https:\/\/sistemasposcolombia.com\/tienda\/producto\/impresora-pos-termica-80mm-jaltech\/","name":"Impresora pos t\u00e9rmica Punto de Venta 80mm Jaltech - Sistemas POS Colombia","isPartOf":{"@id":"https:\/\/sistemasposcolombia.com\/tienda\/#website"},"primaryImageOfPage":{"@id":"https:\/\/sistemasposcolombia.com\/tienda\/producto\/impresora-pos-termica-80mm-jaltech\/#primaryimage"},"image":{"@id":"https:\/\/sistemasposcolombia.com\/tienda\/producto\/impresora-pos-termica-80mm-jaltech\/#primaryimage"},"thumbnailUrl":"https:\/\/sistemasposcolombia.com\/tienda\/wp-content\/uploads\/2025\/10\/Impresora-POS-Jaltech-1.webp","datePublished":"2025-12-09T22:44:15+00:00","dateModified":"2026-04-17T19:15:58+00:00","description":"Perfecciona tu negocio con nuestra Impresora t\u00e9rmica Punto de Venta POS 80mm R\u00e1pida y confiable, perfecta para imprimir recibos y tickets con m\u00e1s contenido.","breadcrumb":{"@id":"https:\/\/sistemasposcolombia.com\/tienda\/producto\/impresora-pos-termica-80mm-jaltech\/#breadcrumb"},"inLanguage":"es","potentialAction":[{"@type":"ReadAction","target":["https:\/\/sistemasposcolombia.com\/tienda\/producto\/impresora-pos-termica-80mm-jaltech\/"]}]},{"@type":"ImageObject","inLanguage":"es","@id":"https:\/\/sistemasposcolombia.com\/tienda\/producto\/impresora-pos-termica-80mm-jaltech\/#primaryimage","url":"https:\/\/sistemasposcolombia.com\/tienda\/wp-content\/uploads\/2025\/10\/Impresora-POS-Jaltech-1.webp","contentUrl":"https:\/\/sistemasposcolombia.com\/tienda\/wp-content\/uploads\/2025\/10\/Impresora-POS-Jaltech-1.webp","width":1080,"height":1080,"caption":"Impresora POS 80mm Jaltech"},{"@type":"BreadcrumbList","@id":"https:\/\/sistemasposcolombia.com\/tienda\/producto\/impresora-pos-termica-80mm-jaltech\/#breadcrumb","itemListElement":[{"@type":"ListItem","position":1,"name":"Portada","item":"https:\/\/sistemasposcolombia.com\/tienda\/"},{"@type":"ListItem","position":2,"name":"Tienda Oficial","item":"https:\/\/sistemasposcolombia.com\/tienda\/"},{"@type":"ListItem","position":3,"name":"Impresora POS 80mm T\u00e9rmica Jaltech"}]},{"@type":"WebSite","@id":"https:\/\/sistemasposcolombia.com\/tienda\/#website","url":"https:\/\/sistemasposcolombia.com\/tienda\/","name":"Sistemas POS Colombia","description":"Tienda Oficial","publisher":{"@id":"https:\/\/sistemasposcolombia.com\/tienda\/#organization"},"potentialAction":[{"@type":"SearchAction","target":{"@type":"EntryPoint","urlTemplate":"https:\/\/sistemasposcolombia.com\/tienda\/?s={search_term_string}"},"query-input":{"@type":"PropertyValueSpecification","valueRequired":true,"valueName":"search_term_string"}}],"inLanguage":"es"},{"@type":"Organization","@id":"https:\/\/sistemasposcolombia.com\/tienda\/#organization","name":"Sistemas POS Colombia","url":"https:\/\/sistemasposcolombia.com\/tienda\/","logo":{"@type":"ImageObject","inLanguage":"es","@id":"https:\/\/sistemasposcolombia.com\/tienda\/#\/schema\/logo\/image\/","url":"https:\/\/sistemasposcolombia.com\/tienda\/wp-content\/uploads\/2025\/10\/Logo-Header.webp","contentUrl":"https:\/\/sistemasposcolombia.com\/tienda\/wp-content\/uploads\/2025\/10\/Logo-Header.webp","width":392,"height":192,"caption":"Sistemas POS Colombia"},"image":{"@id":"https:\/\/sistemasposcolombia.com\/tienda\/#\/schema\/logo\/image\/"},"sameAs":["https:\/\/www.facebook.com\/sistemasposcolombia","https:\/\/www.instagram.com\/sistemasposcolombia\/","https:\/\/www.youtube.com\/@sistemasposcolombia","https:\/\/sistemasposcolombia.com\/"]}]},"product_price_amount":"220000","product_price_currency":"COP","og_availability":"instock","product_availability":"instock","product_condition":"new"},"_links":{"self":[{"href":"https:\/\/sistemasposcolombia.com\/tienda\/wp-json\/wp\/v2\/product\/3850","targetHints":{"allow":["GET"]}}],"collection":[{"href":"https:\/\/sistemasposcolombia.com\/tienda\/wp-json\/wp\/v2\/product"}],"about":[{"href":"https:\/\/sistemasposcolombia.com\/tienda\/wp-json\/wp\/v2\/types\/product"}],"replies":[{"embeddable":true,"href":"https:\/\/sistemasposcolombia.com\/tienda\/wp-json\/wp\/v2\/comments?post=3850"}],"wp:featuredmedia":[{"embeddable":true,"href":"https:\/\/sistemasposcolombia.com\/tienda\/wp-json\/wp\/v2\/media\/3415"}],"wp:attachment":[{"href":"https:\/\/sistemasposcolombia.com\/tienda\/wp-json\/wp\/v2\/media?parent=3850"}],"wp:term":[{"taxonomy":"product_brand","embeddable":true,"href":"https:\/\/sistemasposcolombia.com\/tienda\/wp-json\/wp\/v2\/product_brand?post=3850"},{"taxonomy":"product_cat","embeddable":true,"href":"https:\/\/sistemasposcolombia.com\/tienda\/wp-json\/wp\/v2\/product_cat?post=3850"},{"taxonomy":"product_tag","embeddable":true,"href":"https:\/\/sistemasposcolombia.com\/tienda\/wp-json\/wp\/v2\/product_tag?post=3850"}],"curies":[{"name":"wp","href":"https:\/\/api.w.org\/{rel}","templated":true}]}}