{"id":3217,"date":"2025-09-25T09:42:57","date_gmt":"2025-09-25T14:42:57","guid":{"rendered":"https:\/\/sistemasposcolombia.com\/tienda\/?post_type=product&#038;p=3217"},"modified":"2026-05-04T17:08:02","modified_gmt":"2026-05-04T22:08:02","slug":"impresora-pos-punto-de-venta-sat-58mm","status":"publish","type":"product","link":"https:\/\/sistemasposcolombia.com\/tienda\/producto\/impresora-pos-punto-de-venta-sat-58mm\/","title":{"rendered":"Impresora POS 58mm T\u00e9rmica Sat Q15U"},"content":{"rendered":"<p data-start=\"429\" data-end=\"735\">La <strong data-start=\"432\" data-end=\"477\">Impresora POS t\u00e9rmica Punto de Venta 58mm<\/strong> ofrece impresi\u00f3n r\u00e1pida y estable de recibos y tickets en todo tipo de negocio. Dise\u00f1ada para un funcionamiento confiable, que garantiza calidad constante en cada transacci\u00f3n. Adem\u00e1s, su dise\u00f1o compacto permite aprovechar mejor el espacio en el \u00e1rea de trabajo.<\/p>\n<ul>\n<li data-start=\"737\" data-end=\"1223\">Dise\u00f1o eficiente para alto tr\u00e1fico con ancho de impresi\u00f3n de <strong data-start=\"798\" data-end=\"806\">58mm<\/strong><\/li>\n<li data-start=\"737\" data-end=\"1223\">Protocolo de comandos <strong data-start=\"831\" data-end=\"848\">ESC\/POS Epson<\/strong>, con conexi\u00f3n para caj\u00f3n monedero <strong data-start=\"883\" data-end=\"891\">RJ11<\/strong><\/li>\n<li data-start=\"737\" data-end=\"1223\">Conexi\u00f3n <strong data-start=\"903\" data-end=\"910\">USB<\/strong><\/li>\n<li data-start=\"737\" data-end=\"1223\">Dise\u00f1o ergon\u00f3mico y compacto<\/li>\n<li data-start=\"737\" data-end=\"1223\">Compatible con cualquier gestor de puntos de pago POS o software de facturaci\u00f3n electr\u00f3nica del mercado (Verificar detalles de impresi\u00f3n a 58mm con proveedor de Software a usar)<\/li>\n<li data-start=\"737\" data-end=\"1223\">Controlador de f\u00e1cil instalaci\u00f3n con descarga directa desde el enlace disponible en esta p\u00e1gina. Compatible con <strong data-start=\"1162\" data-end=\"1173\">Windows\u00a0<\/strong>7 &#8211; 11<\/li>\n<\/ul>\n<p data-start=\"1225\" data-end=\"1437\"><strong data-start=\"1225\" data-end=\"1254\">Condiciones del producto:<\/strong><br data-start=\"1254\" data-end=\"1257\" \/>La compra no incluye servicio de instalaci\u00f3n ni configuraci\u00f3n remota. Sin embargo, puedes solicitar soporte t\u00e9cnico a trav\u00e9s de nuestro centro de servicios aliado (costo adicional).<\/p>\n<p data-start=\"1439\" data-end=\"1817\">Nuestra <strong data-start=\"1447\" data-end=\"1492\">impresora t\u00e9rmica POS Punto de Venta 58mm<\/strong> facilita una instalaci\u00f3n sencilla y una operaci\u00f3n sin complicaciones. Adem\u00e1s, su conectividad <strong data-start=\"1587\" data-end=\"1594\">USB<\/strong> permite integrarla f\u00e1cilmente con diferentes equipos destinados a facturaci\u00f3n o puntos de pago. De esta manera, se asegura una integraci\u00f3n eficiente con su sistema POS y un proceso de impresi\u00f3n confiable en cada operaci\u00f3n.<\/p>\n<p style=\"text-align: center;\"><a href=\"https:\/\/sistemasposcolombia.com\/tienda\/descargas\/SATQ15U.zip\"><img decoding=\"async\" class=\"alignnone wp-image-3448 size-medium\" src=\"https:\/\/sistemasposcolombia.com\/tienda\/wp-content\/uploads\/2025\/10\/Boton-Descarga-Controlador-300x147.webp\" alt=\"\" width=\"300\" height=\"147\" \/><\/a><\/p>\n","protected":false},"excerpt":{"rendered":"<p data-start=\"382\" data-end=\"420\">\ud83d\uded2 <strong data-start=\"385\" data-end=\"420\">Compra online directa y segura.<\/strong><\/p>\n<p data-start=\"422\" data-end=\"484\">\ud83d\udce6 <strong data-start=\"425\" data-end=\"484\">Producto disponible en inventario para env\u00edo inmediato.<\/strong><\/p>\n<p data-start=\"486\" data-end=\"583\">\ud83d\ude9a <strong data-start=\"489\" data-end=\"542\">Env\u00edo GRATIS disponible a gran parte de Colombia.<\/strong> <em data-start=\"543\" data-end=\"583\">(<a href=\"https:\/\/sistemasposcolombia.com\/tienda\/politica-de-envios\/\">Consulta t\u00e9rminos y condiciones aqu\u00ed<\/a>)<\/em><\/p>\n<p data-start=\"585\" data-end=\"622\">\ud83d\udd12 <strong data-start=\"588\" data-end=\"622\">Nuevo, sellado y con garant\u00eda.<\/strong><\/p>\n<ul>\n<li>Impresora t\u00e9rmica de 58mm\u00a0Controlador de f\u00e1cil instalaci\u00f3n<\/li>\n<li>Compatible\u00a0<strong>con cualquier sistema POS o software de facturaci\u00f3n<\/strong> electr\u00f3nica del mercado<\/li>\n<li>Soporta protocolo est\u00e1ndar ESC\/POS Epson y cuenta con conexi\u00f3n para caj\u00f3n monedero RJ11<\/li>\n<li><a href=\"https:\/\/sistemasposcolombia.com\/tienda\/reembolso_devoluciones\/\"><strong>Garant\u00eda: 6 meses (Ver condiciones)<\/strong><\/a><\/li>\n<\/ul>\n","protected":false},"featured_media":3430,"comment_status":"open","ping_status":"closed","template":"","meta":[],"product_brand":[],"product_cat":[28],"product_tag":[],"class_list":{"0":"post-3217","1":"product","2":"type-product","3":"status-publish","4":"has-post-thumbnail","6":"product_cat-impresoras-pos-punto-de-pago","8":"first","9":"instock","10":"sale","11":"featured","12":"taxable","13":"shipping-taxable","14":"purchasable","15":"product-type-simple"},"composite_virtual":false,"composite_layout":"","composite_add_to_cart_form_location":"","composite_editable_in_cart":false,"composite_sold_individually_context":"","composite_shop_price_calc":"","composite_components":[],"composite_scenarios":[],"yoast_head":"<!-- This site is optimized with the Yoast SEO Premium plugin v26.2 (Yoast SEO v26.2) - https:\/\/yoast.com\/wordpress\/plugins\/seo\/ -->\n<title>Impresora POS Punto de Venta SAT 58mm T\u00e9rmica y Eficiente<\/title>\n<meta name=\"description\" content=\"Impresora POS SAT 58mm: t\u00e9rmica, r\u00e1pida y compacta. Ideal para puntos de venta. Compatible con software POS y facturaci\u00f3n electr\u00f3nica Impresora pos sat Q15U\" \/>\n<meta name=\"robots\" content=\"index, follow, max-snippet:-1, max-image-preview:large, max-video-preview:-1\" \/>\n<link rel=\"canonical\" href=\"https:\/\/sistemasposcolombia.com\/tienda\/producto\/impresora-pos-punto-de-venta-sat-58mm\/\" \/>\n<meta property=\"og:locale\" content=\"es_ES\" \/>\n<meta property=\"og:type\" content=\"article\" \/>\n<meta property=\"og:title\" content=\"Impresora POS 58mm T\u00e9rmica Sat Q15U\" \/>\n<meta property=\"og:description\" content=\"Impresora POS SAT 58mm: t\u00e9rmica, r\u00e1pida y compacta. Ideal para puntos de venta. Compatible con software POS y facturaci\u00f3n electr\u00f3nica Impresora pos sat Q15U\" \/>\n<meta property=\"og:url\" content=\"https:\/\/sistemasposcolombia.com\/tienda\/producto\/impresora-pos-punto-de-venta-sat-58mm\/\" \/>\n<meta property=\"og:site_name\" content=\"Sistemas POS Colombia\" \/>\n<meta property=\"article:publisher\" content=\"https:\/\/www.facebook.com\/sistemasposcolombia\" \/>\n<meta property=\"article:modified_time\" content=\"2026-05-04T22:08:02+00:00\" \/>\n<meta property=\"og:image\" content=\"https:\/\/sistemasposcolombia.com\/tienda\/wp-content\/uploads\/2025\/10\/Impresora-POS-Sat-Q15U-1.webp\" \/>\n\t<meta property=\"og:image:width\" content=\"1080\" \/>\n\t<meta property=\"og:image:height\" content=\"1080\" \/>\n\t<meta property=\"og:image:type\" content=\"image\/webp\" \/>\n<meta name=\"twitter:card\" content=\"summary_large_image\" \/>\n<meta name=\"twitter:label1\" content=\"Precio\" \/>\n\t<meta name=\"twitter:data1\" content=\"&#036;&nbsp;98.000\" \/>\n\t<meta name=\"twitter:label2\" content=\"Disponibilidad\" \/>\n\t<meta name=\"twitter:data2\" content=\"Disponible\" \/>\n<script type=\"application\/ld+json\" class=\"yoast-schema-graph\">{\"@context\":\"https:\/\/schema.org\",\"@graph\":[{\"@type\":\"WebPage\",\"@id\":\"https:\/\/sistemasposcolombia.com\/tienda\/producto\/impresora-pos-punto-de-venta-sat-58mm\/\",\"url\":\"https:\/\/sistemasposcolombia.com\/tienda\/producto\/impresora-pos-punto-de-venta-sat-58mm\/\",\"name\":\"Impresora POS Punto de Venta SAT 58mm T\u00e9rmica y Eficiente\",\"isPartOf\":{\"@id\":\"https:\/\/sistemasposcolombia.com\/tienda\/#website\"},\"primaryImageOfPage\":{\"@id\":\"https:\/\/sistemasposcolombia.com\/tienda\/producto\/impresora-pos-punto-de-venta-sat-58mm\/#primaryimage\"},\"image\":{\"@id\":\"https:\/\/sistemasposcolombia.com\/tienda\/producto\/impresora-pos-punto-de-venta-sat-58mm\/#primaryimage\"},\"thumbnailUrl\":\"https:\/\/sistemasposcolombia.com\/tienda\/wp-content\/uploads\/2025\/10\/Impresora-POS-Sat-Q15U-1.webp\",\"datePublished\":\"2025-09-25T14:42:57+00:00\",\"dateModified\":\"2026-05-04T22:08:02+00:00\",\"description\":\"Impresora POS SAT 58mm: t\u00e9rmica, r\u00e1pida y compacta. Ideal para puntos de venta. Compatible con software POS y facturaci\u00f3n electr\u00f3nica Impresora pos sat Q15U\",\"breadcrumb\":{\"@id\":\"https:\/\/sistemasposcolombia.com\/tienda\/producto\/impresora-pos-punto-de-venta-sat-58mm\/#breadcrumb\"},\"inLanguage\":\"es\",\"potentialAction\":[{\"@type\":\"ReadAction\",\"target\":[\"https:\/\/sistemasposcolombia.com\/tienda\/producto\/impresora-pos-punto-de-venta-sat-58mm\/\"]}]},{\"@type\":\"ImageObject\",\"inLanguage\":\"es\",\"@id\":\"https:\/\/sistemasposcolombia.com\/tienda\/producto\/impresora-pos-punto-de-venta-sat-58mm\/#primaryimage\",\"url\":\"https:\/\/sistemasposcolombia.com\/tienda\/wp-content\/uploads\/2025\/10\/Impresora-POS-Sat-Q15U-1.webp\",\"contentUrl\":\"https:\/\/sistemasposcolombia.com\/tienda\/wp-content\/uploads\/2025\/10\/Impresora-POS-Sat-Q15U-1.webp\",\"width\":1080,\"height\":1080,\"caption\":\"Impresora POS Punto de Venta Sat Q15 u\"},{\"@type\":\"BreadcrumbList\",\"@id\":\"https:\/\/sistemasposcolombia.com\/tienda\/producto\/impresora-pos-punto-de-venta-sat-58mm\/#breadcrumb\",\"itemListElement\":[{\"@type\":\"ListItem\",\"position\":1,\"name\":\"Portada\",\"item\":\"https:\/\/sistemasposcolombia.com\/tienda\/\"},{\"@type\":\"ListItem\",\"position\":2,\"name\":\"Tienda Oficial\",\"item\":\"https:\/\/sistemasposcolombia.com\/tienda\/\"},{\"@type\":\"ListItem\",\"position\":3,\"name\":\"Impresora POS 58mm T\u00e9rmica Sat Q15U\"}]},{\"@type\":\"WebSite\",\"@id\":\"https:\/\/sistemasposcolombia.com\/tienda\/#website\",\"url\":\"https:\/\/sistemasposcolombia.com\/tienda\/\",\"name\":\"Sistemas POS Colombia\",\"description\":\"Tienda Oficial\",\"publisher\":{\"@id\":\"https:\/\/sistemasposcolombia.com\/tienda\/#organization\"},\"potentialAction\":[{\"@type\":\"SearchAction\",\"target\":{\"@type\":\"EntryPoint\",\"urlTemplate\":\"https:\/\/sistemasposcolombia.com\/tienda\/?s={search_term_string}\"},\"query-input\":{\"@type\":\"PropertyValueSpecification\",\"valueRequired\":true,\"valueName\":\"search_term_string\"}}],\"inLanguage\":\"es\"},{\"@type\":\"Organization\",\"@id\":\"https:\/\/sistemasposcolombia.com\/tienda\/#organization\",\"name\":\"Sistemas POS Colombia\",\"url\":\"https:\/\/sistemasposcolombia.com\/tienda\/\",\"logo\":{\"@type\":\"ImageObject\",\"inLanguage\":\"es\",\"@id\":\"https:\/\/sistemasposcolombia.com\/tienda\/#\/schema\/logo\/image\/\",\"url\":\"https:\/\/sistemasposcolombia.com\/tienda\/wp-content\/uploads\/2025\/10\/Logo-Header.webp\",\"contentUrl\":\"https:\/\/sistemasposcolombia.com\/tienda\/wp-content\/uploads\/2025\/10\/Logo-Header.webp\",\"width\":392,\"height\":192,\"caption\":\"Sistemas POS Colombia\"},\"image\":{\"@id\":\"https:\/\/sistemasposcolombia.com\/tienda\/#\/schema\/logo\/image\/\"},\"sameAs\":[\"https:\/\/www.facebook.com\/sistemasposcolombia\",\"https:\/\/www.instagram.com\/sistemasposcolombia\/\",\"https:\/\/www.youtube.com\/@sistemasposcolombia\",\"https:\/\/sistemasposcolombia.com\/\"]}]}<\/script>\n<meta property=\"product:price:amount\" content=\"98000\" \/>\n<meta property=\"product:price:currency\" content=\"COP\" \/>\n<meta property=\"og:availability\" content=\"instock\" \/>\n<meta property=\"product:availability\" content=\"instock\" \/>\n<meta property=\"product:retailer_item_id\" content=\"Impr-XB5631\" \/>\n<meta property=\"product:condition\" content=\"new\" \/>\n<!-- \/ Yoast SEO Premium plugin. -->","yoast_head_json":{"title":"Impresora POS Punto de Venta SAT 58mm T\u00e9rmica y Eficiente","description":"Impresora POS SAT 58mm: t\u00e9rmica, r\u00e1pida y compacta. Ideal para puntos de venta. Compatible con software POS y facturaci\u00f3n electr\u00f3nica Impresora pos sat Q15U","robots":{"index":"index","follow":"follow","max-snippet":"max-snippet:-1","max-image-preview":"max-image-preview:large","max-video-preview":"max-video-preview:-1"},"canonical":"https:\/\/sistemasposcolombia.com\/tienda\/producto\/impresora-pos-punto-de-venta-sat-58mm\/","og_locale":"es_ES","og_type":"article","og_title":"Impresora POS 58mm T\u00e9rmica Sat Q15U","og_description":"Impresora POS SAT 58mm: t\u00e9rmica, r\u00e1pida y compacta. Ideal para puntos de venta. Compatible con software POS y facturaci\u00f3n electr\u00f3nica Impresora pos sat Q15U","og_url":"https:\/\/sistemasposcolombia.com\/tienda\/producto\/impresora-pos-punto-de-venta-sat-58mm\/","og_site_name":"Sistemas POS Colombia","article_publisher":"https:\/\/www.facebook.com\/sistemasposcolombia","article_modified_time":"2026-05-04T22:08:02+00:00","og_image":[{"width":1080,"height":1080,"url":"https:\/\/sistemasposcolombia.com\/tienda\/wp-content\/uploads\/2025\/10\/Impresora-POS-Sat-Q15U-1.webp","type":"image\/webp"}],"twitter_card":"summary_large_image","twitter_misc":{"Precio":"&#36;&nbsp;98.000","Disponibilidad":"Disponible"},"schema":{"@context":"https:\/\/schema.org","@graph":[{"@type":"WebPage","@id":"https:\/\/sistemasposcolombia.com\/tienda\/producto\/impresora-pos-punto-de-venta-sat-58mm\/","url":"https:\/\/sistemasposcolombia.com\/tienda\/producto\/impresora-pos-punto-de-venta-sat-58mm\/","name":"Impresora POS Punto de Venta SAT 58mm T\u00e9rmica y Eficiente","isPartOf":{"@id":"https:\/\/sistemasposcolombia.com\/tienda\/#website"},"primaryImageOfPage":{"@id":"https:\/\/sistemasposcolombia.com\/tienda\/producto\/impresora-pos-punto-de-venta-sat-58mm\/#primaryimage"},"image":{"@id":"https:\/\/sistemasposcolombia.com\/tienda\/producto\/impresora-pos-punto-de-venta-sat-58mm\/#primaryimage"},"thumbnailUrl":"https:\/\/sistemasposcolombia.com\/tienda\/wp-content\/uploads\/2025\/10\/Impresora-POS-Sat-Q15U-1.webp","datePublished":"2025-09-25T14:42:57+00:00","dateModified":"2026-05-04T22:08:02+00:00","description":"Impresora POS SAT 58mm: t\u00e9rmica, r\u00e1pida y compacta. Ideal para puntos de venta. Compatible con software POS y facturaci\u00f3n electr\u00f3nica Impresora pos sat Q15U","breadcrumb":{"@id":"https:\/\/sistemasposcolombia.com\/tienda\/producto\/impresora-pos-punto-de-venta-sat-58mm\/#breadcrumb"},"inLanguage":"es","potentialAction":[{"@type":"ReadAction","target":["https:\/\/sistemasposcolombia.com\/tienda\/producto\/impresora-pos-punto-de-venta-sat-58mm\/"]}]},{"@type":"ImageObject","inLanguage":"es","@id":"https:\/\/sistemasposcolombia.com\/tienda\/producto\/impresora-pos-punto-de-venta-sat-58mm\/#primaryimage","url":"https:\/\/sistemasposcolombia.com\/tienda\/wp-content\/uploads\/2025\/10\/Impresora-POS-Sat-Q15U-1.webp","contentUrl":"https:\/\/sistemasposcolombia.com\/tienda\/wp-content\/uploads\/2025\/10\/Impresora-POS-Sat-Q15U-1.webp","width":1080,"height":1080,"caption":"Impresora POS Punto de Venta Sat Q15 u"},{"@type":"BreadcrumbList","@id":"https:\/\/sistemasposcolombia.com\/tienda\/producto\/impresora-pos-punto-de-venta-sat-58mm\/#breadcrumb","itemListElement":[{"@type":"ListItem","position":1,"name":"Portada","item":"https:\/\/sistemasposcolombia.com\/tienda\/"},{"@type":"ListItem","position":2,"name":"Tienda Oficial","item":"https:\/\/sistemasposcolombia.com\/tienda\/"},{"@type":"ListItem","position":3,"name":"Impresora POS 58mm T\u00e9rmica Sat Q15U"}]},{"@type":"WebSite","@id":"https:\/\/sistemasposcolombia.com\/tienda\/#website","url":"https:\/\/sistemasposcolombia.com\/tienda\/","name":"Sistemas POS Colombia","description":"Tienda Oficial","publisher":{"@id":"https:\/\/sistemasposcolombia.com\/tienda\/#organization"},"potentialAction":[{"@type":"SearchAction","target":{"@type":"EntryPoint","urlTemplate":"https:\/\/sistemasposcolombia.com\/tienda\/?s={search_term_string}"},"query-input":{"@type":"PropertyValueSpecification","valueRequired":true,"valueName":"search_term_string"}}],"inLanguage":"es"},{"@type":"Organization","@id":"https:\/\/sistemasposcolombia.com\/tienda\/#organization","name":"Sistemas POS Colombia","url":"https:\/\/sistemasposcolombia.com\/tienda\/","logo":{"@type":"ImageObject","inLanguage":"es","@id":"https:\/\/sistemasposcolombia.com\/tienda\/#\/schema\/logo\/image\/","url":"https:\/\/sistemasposcolombia.com\/tienda\/wp-content\/uploads\/2025\/10\/Logo-Header.webp","contentUrl":"https:\/\/sistemasposcolombia.com\/tienda\/wp-content\/uploads\/2025\/10\/Logo-Header.webp","width":392,"height":192,"caption":"Sistemas POS Colombia"},"image":{"@id":"https:\/\/sistemasposcolombia.com\/tienda\/#\/schema\/logo\/image\/"},"sameAs":["https:\/\/www.facebook.com\/sistemasposcolombia","https:\/\/www.instagram.com\/sistemasposcolombia\/","https:\/\/www.youtube.com\/@sistemasposcolombia","https:\/\/sistemasposcolombia.com\/"]}]},"product_price_amount":"98000","product_price_currency":"COP","og_availability":"instock","product_availability":"instock","product_retailer_item_id":"Impr-XB5631","product_condition":"new"},"_links":{"self":[{"href":"https:\/\/sistemasposcolombia.com\/tienda\/wp-json\/wp\/v2\/product\/3217","targetHints":{"allow":["GET"]}}],"collection":[{"href":"https:\/\/sistemasposcolombia.com\/tienda\/wp-json\/wp\/v2\/product"}],"about":[{"href":"https:\/\/sistemasposcolombia.com\/tienda\/wp-json\/wp\/v2\/types\/product"}],"replies":[{"embeddable":true,"href":"https:\/\/sistemasposcolombia.com\/tienda\/wp-json\/wp\/v2\/comments?post=3217"}],"wp:featuredmedia":[{"embeddable":true,"href":"https:\/\/sistemasposcolombia.com\/tienda\/wp-json\/wp\/v2\/media\/3430"}],"wp:attachment":[{"href":"https:\/\/sistemasposcolombia.com\/tienda\/wp-json\/wp\/v2\/media?parent=3217"}],"wp:term":[{"taxonomy":"product_brand","embeddable":true,"href":"https:\/\/sistemasposcolombia.com\/tienda\/wp-json\/wp\/v2\/product_brand?post=3217"},{"taxonomy":"product_cat","embeddable":true,"href":"https:\/\/sistemasposcolombia.com\/tienda\/wp-json\/wp\/v2\/product_cat?post=3217"},{"taxonomy":"product_tag","embeddable":true,"href":"https:\/\/sistemasposcolombia.com\/tienda\/wp-json\/wp\/v2\/product_tag?post=3217"}],"curies":[{"name":"wp","href":"https:\/\/api.w.org\/{rel}","templated":true}]}}