{"id":2682,"date":"2025-07-07T19:27:03","date_gmt":"2025-07-08T00:27:03","guid":{"rendered":"https:\/\/sistemasposcolombia.com\/tienda\/?post_type=product&#038;p=2682"},"modified":"2025-10-24T14:51:18","modified_gmt":"2025-10-24T19:51:18","slug":"papel-para-impresora-pos-58mm-termico-caja","status":"publish","type":"product","link":"https:\/\/sistemasposcolombia.com\/tienda\/producto\/papel-para-impresora-pos-58mm-termico-caja\/","title":{"rendered":"Papel Para Impresora POS 58mm T\u00e9rmico Caja x 168 Unidades"},"content":{"rendered":"<p data-start=\"618\" data-end=\"892\">Este <strong data-start=\"623\" data-end=\"681\">Papel para impresora POS o Punto de Venta t\u00e9rmico 58mm<\/strong> es la soluci\u00f3n ideal para negocios que buscan impresiones r\u00e1pidas y claras en cada transacci\u00f3n. Gracias a su excelente calidad t\u00e9rmica, garantiza una lectura precisa del recibo, sin necesidad de tinta ni t\u00f3ner.<\/p>\n<p data-start=\"894\" data-end=\"1082\">Adem\u00e1s, se ofrece en presentaciones pr\u00e1cticas seg\u00fan tus necesidades: Caja de 168 unidades (Unidad a COP$ 1.607) o, si necesitas menor cantidad, en paquete de 8 unidades con precio especial <a href=\"https:\/\/sistemasposcolombia.com\/tienda\/producto\/papel-impresora-pos-termico-58mm\/\">AQUI<\/a>.<\/p>\n<p data-start=\"1084\" data-end=\"1311\">Por otro lado, es compatible con la mayor\u00eda de impresoras t\u00e9rmicas de 58mm utilizadas en sistemas POS, como puntos de pago, restaurantes, tiendas y m\u00e1s. Su tama\u00f1o compacto tambi\u00e9n facilita el almacenamiento y reposici\u00f3n r\u00e1pida, tiene un tama\u00f1o ideal de 30 Metros brindando un promedio de 180 recibos por Rollo.<\/p>\n<p data-start=\"1313\" data-end=\"1423\"><strong data-start=\"1313\" data-end=\"1423\">Aprovecha esta opci\u00f3n de papel t\u00e9rmico 58mm que combina calidad, buen precio y compatibilidad garantizada.<\/strong><\/p>\n","protected":false},"excerpt":{"rendered":"<p><strong data-start=\"301\" data-end=\"359\">Papel para impresora POS o Punto de Venta t\u00e9rmico 58mm:<\/strong><\/p>\n<ul>\n<li>\u00a0Ideal para recibos n\u00edtidos y duraderos.<\/li>\n<li>Disponible en caja por 168 unidades, o si necesitas menor cantidad, paquete de 8 Unidades <a href=\"https:\/\/sistemasposcolombia.com\/tienda\/producto\/papel-impresora-pos-termico-58mm\/\">AQUI<\/a>. Perfecto para negocios que requieren eficiencia y calidad en cada impresi\u00f3n.<\/li>\n<\/ul>\n","protected":false},"featured_media":2680,"comment_status":"open","ping_status":"closed","template":"","meta":[],"product_brand":[],"product_cat":[35],"product_tag":[],"class_list":{"0":"post-2682","1":"product","2":"type-product","3":"status-publish","4":"has-post-thumbnail","6":"product_cat-suministros-para-punto-de-pago-pos","8":"first","9":"outofstock","10":"sale","11":"taxable","12":"shipping-taxable","13":"purchasable","14":"product-type-simple"},"composite_virtual":false,"composite_layout":"","composite_add_to_cart_form_location":"","composite_editable_in_cart":false,"composite_sold_individually_context":"","composite_shop_price_calc":"","composite_components":[],"composite_scenarios":[],"yoast_head":"<!-- This site is optimized with the Yoast SEO Premium plugin v26.2 (Yoast SEO v26.2) - https:\/\/yoast.com\/wordpress\/plugins\/seo\/ -->\n<title>Papel Para Impresora POS 58mm T\u00e9rmico Caja x 168 Unidades - Sistemas POS Colombia<\/title>\n<meta name=\"description\" content=\"Compra Papel Para Impresora POS 58mm T\u00e9rmico. Presentaci\u00f3n por paquete de 8 unidades o caja de 168. Ahorra y mejora tus impresiones de punto de venta.\" \/>\n<meta name=\"robots\" content=\"index, follow, max-snippet:-1, max-image-preview:large, max-video-preview:-1\" \/>\n<link rel=\"canonical\" href=\"https:\/\/sistemasposcolombia.com\/tienda\/producto\/papel-para-impresora-pos-58mm-termico-caja\/\" \/>\n<meta property=\"og:locale\" content=\"es_ES\" \/>\n<meta property=\"og:type\" content=\"article\" \/>\n<meta property=\"og:title\" content=\"Papel Para Impresora POS 58mm T\u00e9rmico Caja x 168 Unidades\" \/>\n<meta property=\"og:description\" content=\"Compra Papel Para Impresora POS 58mm T\u00e9rmico. Presentaci\u00f3n por paquete de 8 unidades o caja de 168. Ahorra y mejora tus impresiones de punto de venta.\" \/>\n<meta property=\"og:url\" content=\"https:\/\/sistemasposcolombia.com\/tienda\/producto\/papel-para-impresora-pos-58mm-termico-caja\/\" \/>\n<meta property=\"og:site_name\" content=\"Sistemas POS Colombia\" \/>\n<meta property=\"article:publisher\" content=\"https:\/\/www.facebook.com\/sistemasposcolombia\" \/>\n<meta property=\"article:modified_time\" content=\"2025-10-24T19:51:18+00:00\" \/>\n<meta property=\"og:image\" content=\"https:\/\/sistemasposcolombia.com\/tienda\/wp-content\/uploads\/2025\/07\/Papel-para-Impresora-POS-58mm-5.jpg\" \/>\n\t<meta property=\"og:image:width\" content=\"1080\" \/>\n\t<meta property=\"og:image:height\" content=\"1080\" \/>\n\t<meta property=\"og:image:type\" content=\"image\/jpeg\" \/>\n<meta name=\"twitter:card\" content=\"summary_large_image\" \/>\n<meta name=\"twitter:label1\" content=\"Precio\" \/>\n\t<meta name=\"twitter:data1\" content=\"&#036;&nbsp;270.000\" \/>\n\t<meta name=\"twitter:label2\" content=\"Disponibilidad\" \/>\n\t<meta name=\"twitter:data2\" content=\"Sin existencias\" \/>\n<script type=\"application\/ld+json\" class=\"yoast-schema-graph\">{\"@context\":\"https:\/\/schema.org\",\"@graph\":[{\"@type\":\"WebPage\",\"@id\":\"https:\/\/sistemasposcolombia.com\/tienda\/producto\/papel-para-impresora-pos-58mm-termico-caja\/\",\"url\":\"https:\/\/sistemasposcolombia.com\/tienda\/producto\/papel-para-impresora-pos-58mm-termico-caja\/\",\"name\":\"Papel Para Impresora POS 58mm T\u00e9rmico Caja x 168 Unidades - Sistemas POS Colombia\",\"isPartOf\":{\"@id\":\"https:\/\/sistemasposcolombia.com\/tienda\/#website\"},\"primaryImageOfPage\":{\"@id\":\"https:\/\/sistemasposcolombia.com\/tienda\/producto\/papel-para-impresora-pos-58mm-termico-caja\/#primaryimage\"},\"image\":{\"@id\":\"https:\/\/sistemasposcolombia.com\/tienda\/producto\/papel-para-impresora-pos-58mm-termico-caja\/#primaryimage\"},\"thumbnailUrl\":\"https:\/\/sistemasposcolombia.com\/tienda\/wp-content\/uploads\/2025\/07\/Papel-para-Impresora-POS-58mm-5.jpg\",\"datePublished\":\"2025-07-08T00:27:03+00:00\",\"dateModified\":\"2025-10-24T19:51:18+00:00\",\"description\":\"Compra Papel Para Impresora POS 58mm T\u00e9rmico. Presentaci\u00f3n por paquete de 8 unidades o caja de 168. Ahorra y mejora tus impresiones de punto de venta.\",\"breadcrumb\":{\"@id\":\"https:\/\/sistemasposcolombia.com\/tienda\/producto\/papel-para-impresora-pos-58mm-termico-caja\/#breadcrumb\"},\"inLanguage\":\"es\",\"potentialAction\":[{\"@type\":\"ReadAction\",\"target\":[\"https:\/\/sistemasposcolombia.com\/tienda\/producto\/papel-para-impresora-pos-58mm-termico-caja\/\"]}]},{\"@type\":\"ImageObject\",\"inLanguage\":\"es\",\"@id\":\"https:\/\/sistemasposcolombia.com\/tienda\/producto\/papel-para-impresora-pos-58mm-termico-caja\/#primaryimage\",\"url\":\"https:\/\/sistemasposcolombia.com\/tienda\/wp-content\/uploads\/2025\/07\/Papel-para-Impresora-POS-58mm-5.jpg\",\"contentUrl\":\"https:\/\/sistemasposcolombia.com\/tienda\/wp-content\/uploads\/2025\/07\/Papel-para-Impresora-POS-58mm-5.jpg\",\"width\":1080,\"height\":1080,\"caption\":\"Caja Papel T\u00e9rmico para Impresora 58mm\"},{\"@type\":\"BreadcrumbList\",\"@id\":\"https:\/\/sistemasposcolombia.com\/tienda\/producto\/papel-para-impresora-pos-58mm-termico-caja\/#breadcrumb\",\"itemListElement\":[{\"@type\":\"ListItem\",\"position\":1,\"name\":\"Portada\",\"item\":\"https:\/\/sistemasposcolombia.com\/tienda\/\"},{\"@type\":\"ListItem\",\"position\":2,\"name\":\"Tienda Oficial\",\"item\":\"https:\/\/sistemasposcolombia.com\/tienda\/\"},{\"@type\":\"ListItem\",\"position\":3,\"name\":\"Papel Para Impresora POS 58mm T\u00e9rmico Caja x 168 Unidades\"}]},{\"@type\":\"WebSite\",\"@id\":\"https:\/\/sistemasposcolombia.com\/tienda\/#website\",\"url\":\"https:\/\/sistemasposcolombia.com\/tienda\/\",\"name\":\"Sistemas POS Colombia\",\"description\":\"Tienda Oficial\",\"publisher\":{\"@id\":\"https:\/\/sistemasposcolombia.com\/tienda\/#organization\"},\"potentialAction\":[{\"@type\":\"SearchAction\",\"target\":{\"@type\":\"EntryPoint\",\"urlTemplate\":\"https:\/\/sistemasposcolombia.com\/tienda\/?s={search_term_string}\"},\"query-input\":{\"@type\":\"PropertyValueSpecification\",\"valueRequired\":true,\"valueName\":\"search_term_string\"}}],\"inLanguage\":\"es\"},{\"@type\":\"Organization\",\"@id\":\"https:\/\/sistemasposcolombia.com\/tienda\/#organization\",\"name\":\"Sistemas POS Colombia\",\"url\":\"https:\/\/sistemasposcolombia.com\/tienda\/\",\"logo\":{\"@type\":\"ImageObject\",\"inLanguage\":\"es\",\"@id\":\"https:\/\/sistemasposcolombia.com\/tienda\/#\/schema\/logo\/image\/\",\"url\":\"https:\/\/sistemasposcolombia.com\/tienda\/wp-content\/uploads\/2025\/10\/Logo-Header.webp\",\"contentUrl\":\"https:\/\/sistemasposcolombia.com\/tienda\/wp-content\/uploads\/2025\/10\/Logo-Header.webp\",\"width\":392,\"height\":192,\"caption\":\"Sistemas POS Colombia\"},\"image\":{\"@id\":\"https:\/\/sistemasposcolombia.com\/tienda\/#\/schema\/logo\/image\/\"},\"sameAs\":[\"https:\/\/www.facebook.com\/sistemasposcolombia\",\"https:\/\/www.instagram.com\/sistemasposcolombia\/\",\"https:\/\/www.youtube.com\/@sistemasposcolombia\",\"https:\/\/sistemasposcolombia.com\/\"]}]}<\/script>\n<meta property=\"product:price:amount\" content=\"270000\" \/>\n<meta property=\"product:price:currency\" content=\"COP\" \/>\n<meta property=\"og:availability\" content=\"out of stock\" \/>\n<meta property=\"product:availability\" content=\"out of stock\" \/>\n<meta property=\"product:condition\" content=\"new\" \/>\n<!-- \/ Yoast SEO Premium plugin. -->","yoast_head_json":{"title":"Papel Para Impresora POS 58mm T\u00e9rmico Caja x 168 Unidades - Sistemas POS Colombia","description":"Compra Papel Para Impresora POS 58mm T\u00e9rmico. Presentaci\u00f3n por paquete de 8 unidades o caja de 168. Ahorra y mejora tus impresiones de punto de venta.","robots":{"index":"index","follow":"follow","max-snippet":"max-snippet:-1","max-image-preview":"max-image-preview:large","max-video-preview":"max-video-preview:-1"},"canonical":"https:\/\/sistemasposcolombia.com\/tienda\/producto\/papel-para-impresora-pos-58mm-termico-caja\/","og_locale":"es_ES","og_type":"article","og_title":"Papel Para Impresora POS 58mm T\u00e9rmico Caja x 168 Unidades","og_description":"Compra Papel Para Impresora POS 58mm T\u00e9rmico. Presentaci\u00f3n por paquete de 8 unidades o caja de 168. Ahorra y mejora tus impresiones de punto de venta.","og_url":"https:\/\/sistemasposcolombia.com\/tienda\/producto\/papel-para-impresora-pos-58mm-termico-caja\/","og_site_name":"Sistemas POS Colombia","article_publisher":"https:\/\/www.facebook.com\/sistemasposcolombia","article_modified_time":"2025-10-24T19:51:18+00:00","og_image":[{"width":1080,"height":1080,"url":"https:\/\/sistemasposcolombia.com\/tienda\/wp-content\/uploads\/2025\/07\/Papel-para-Impresora-POS-58mm-5.jpg","type":"image\/jpeg"}],"twitter_card":"summary_large_image","twitter_misc":{"Precio":"&#36;&nbsp;270.000","Disponibilidad":"Sin existencias"},"schema":{"@context":"https:\/\/schema.org","@graph":[{"@type":"WebPage","@id":"https:\/\/sistemasposcolombia.com\/tienda\/producto\/papel-para-impresora-pos-58mm-termico-caja\/","url":"https:\/\/sistemasposcolombia.com\/tienda\/producto\/papel-para-impresora-pos-58mm-termico-caja\/","name":"Papel Para Impresora POS 58mm T\u00e9rmico Caja x 168 Unidades - Sistemas POS Colombia","isPartOf":{"@id":"https:\/\/sistemasposcolombia.com\/tienda\/#website"},"primaryImageOfPage":{"@id":"https:\/\/sistemasposcolombia.com\/tienda\/producto\/papel-para-impresora-pos-58mm-termico-caja\/#primaryimage"},"image":{"@id":"https:\/\/sistemasposcolombia.com\/tienda\/producto\/papel-para-impresora-pos-58mm-termico-caja\/#primaryimage"},"thumbnailUrl":"https:\/\/sistemasposcolombia.com\/tienda\/wp-content\/uploads\/2025\/07\/Papel-para-Impresora-POS-58mm-5.jpg","datePublished":"2025-07-08T00:27:03+00:00","dateModified":"2025-10-24T19:51:18+00:00","description":"Compra Papel Para Impresora POS 58mm T\u00e9rmico. Presentaci\u00f3n por paquete de 8 unidades o caja de 168. Ahorra y mejora tus impresiones de punto de venta.","breadcrumb":{"@id":"https:\/\/sistemasposcolombia.com\/tienda\/producto\/papel-para-impresora-pos-58mm-termico-caja\/#breadcrumb"},"inLanguage":"es","potentialAction":[{"@type":"ReadAction","target":["https:\/\/sistemasposcolombia.com\/tienda\/producto\/papel-para-impresora-pos-58mm-termico-caja\/"]}]},{"@type":"ImageObject","inLanguage":"es","@id":"https:\/\/sistemasposcolombia.com\/tienda\/producto\/papel-para-impresora-pos-58mm-termico-caja\/#primaryimage","url":"https:\/\/sistemasposcolombia.com\/tienda\/wp-content\/uploads\/2025\/07\/Papel-para-Impresora-POS-58mm-5.jpg","contentUrl":"https:\/\/sistemasposcolombia.com\/tienda\/wp-content\/uploads\/2025\/07\/Papel-para-Impresora-POS-58mm-5.jpg","width":1080,"height":1080,"caption":"Caja Papel T\u00e9rmico para Impresora 58mm"},{"@type":"BreadcrumbList","@id":"https:\/\/sistemasposcolombia.com\/tienda\/producto\/papel-para-impresora-pos-58mm-termico-caja\/#breadcrumb","itemListElement":[{"@type":"ListItem","position":1,"name":"Portada","item":"https:\/\/sistemasposcolombia.com\/tienda\/"},{"@type":"ListItem","position":2,"name":"Tienda Oficial","item":"https:\/\/sistemasposcolombia.com\/tienda\/"},{"@type":"ListItem","position":3,"name":"Papel Para Impresora POS 58mm T\u00e9rmico Caja x 168 Unidades"}]},{"@type":"WebSite","@id":"https:\/\/sistemasposcolombia.com\/tienda\/#website","url":"https:\/\/sistemasposcolombia.com\/tienda\/","name":"Sistemas POS Colombia","description":"Tienda Oficial","publisher":{"@id":"https:\/\/sistemasposcolombia.com\/tienda\/#organization"},"potentialAction":[{"@type":"SearchAction","target":{"@type":"EntryPoint","urlTemplate":"https:\/\/sistemasposcolombia.com\/tienda\/?s={search_term_string}"},"query-input":{"@type":"PropertyValueSpecification","valueRequired":true,"valueName":"search_term_string"}}],"inLanguage":"es"},{"@type":"Organization","@id":"https:\/\/sistemasposcolombia.com\/tienda\/#organization","name":"Sistemas POS Colombia","url":"https:\/\/sistemasposcolombia.com\/tienda\/","logo":{"@type":"ImageObject","inLanguage":"es","@id":"https:\/\/sistemasposcolombia.com\/tienda\/#\/schema\/logo\/image\/","url":"https:\/\/sistemasposcolombia.com\/tienda\/wp-content\/uploads\/2025\/10\/Logo-Header.webp","contentUrl":"https:\/\/sistemasposcolombia.com\/tienda\/wp-content\/uploads\/2025\/10\/Logo-Header.webp","width":392,"height":192,"caption":"Sistemas POS Colombia"},"image":{"@id":"https:\/\/sistemasposcolombia.com\/tienda\/#\/schema\/logo\/image\/"},"sameAs":["https:\/\/www.facebook.com\/sistemasposcolombia","https:\/\/www.instagram.com\/sistemasposcolombia\/","https:\/\/www.youtube.com\/@sistemasposcolombia","https:\/\/sistemasposcolombia.com\/"]}]},"product_price_amount":"270000","product_price_currency":"COP","og_availability":"out of stock","product_availability":"out of stock","product_condition":"new"},"_links":{"self":[{"href":"https:\/\/sistemasposcolombia.com\/tienda\/wp-json\/wp\/v2\/product\/2682","targetHints":{"allow":["GET"]}}],"collection":[{"href":"https:\/\/sistemasposcolombia.com\/tienda\/wp-json\/wp\/v2\/product"}],"about":[{"href":"https:\/\/sistemasposcolombia.com\/tienda\/wp-json\/wp\/v2\/types\/product"}],"replies":[{"embeddable":true,"href":"https:\/\/sistemasposcolombia.com\/tienda\/wp-json\/wp\/v2\/comments?post=2682"}],"wp:featuredmedia":[{"embeddable":true,"href":"https:\/\/sistemasposcolombia.com\/tienda\/wp-json\/wp\/v2\/media\/2680"}],"wp:attachment":[{"href":"https:\/\/sistemasposcolombia.com\/tienda\/wp-json\/wp\/v2\/media?parent=2682"}],"wp:term":[{"taxonomy":"product_brand","embeddable":true,"href":"https:\/\/sistemasposcolombia.com\/tienda\/wp-json\/wp\/v2\/product_brand?post=2682"},{"taxonomy":"product_cat","embeddable":true,"href":"https:\/\/sistemasposcolombia.com\/tienda\/wp-json\/wp\/v2\/product_cat?post=2682"},{"taxonomy":"product_tag","embeddable":true,"href":"https:\/\/sistemasposcolombia.com\/tienda\/wp-json\/wp\/v2\/product_tag?post=2682"}],"curies":[{"name":"wp","href":"https:\/\/api.w.org\/{rel}","templated":true}]}}