{"id":1767,"date":"2024-09-09T18:46:53","date_gmt":"2024-09-09T23:46:53","guid":{"rendered":"https:\/\/sistemasposcolombia.com\/tienda\/?post_type=product&#038;p=1767"},"modified":"2026-01-18T16:15:28","modified_gmt":"2026-01-18T21:15:28","slug":"sistema-pos-punto-de-pago-completo-portatil-ultra-economico","status":"publish","type":"product","link":"https:\/\/sistemasposcolombia.com\/tienda\/producto\/sistema-pos-punto-de-pago-completo-portatil-ultra-economico\/","title":{"rendered":"Sistema POS Punto de Pago Completo Port\u00e1til Ultra Econ\u00f3mico"},"content":{"rendered":"<p>Modern\u00edzate y cumple con los Est\u00e1ndares de Facturaci\u00f3n vigentes, gracias a este Sistema para Facturaci\u00f3n Electr\u00f3nica Port\u00e1til, facilitando transporte y venta de todo tipo de productos en tu negocio, optimiza tu negocio con esta oferta \u00fanica que combina la tecnolog\u00eda de un Sistema POS Portable, y un Sistema Operativo moderno dise\u00f1ado para mejorar la eficiencia y cumplir con requisitos de facturaci\u00f3n electr\u00f3nica.<\/p>\n<p style=\"text-align: center;\"><strong>CONTENIDO Y ESPECIFICACIONES<\/strong><\/p>\n<ul>\n<li><strong>EQUIPO EN PRESENTACI\u00d3N (NUEVO): <\/strong>Tipo Port\u00e1til 14&#8243; Procesador Intel DUAL Celeron N4020 de \u00daltima Generaci\u00f3n, 8GBRAM DDR4, Disco Duro 240GB SSD Estado S\u00f3lido, alto desempe\u00f1o carga de Sistema Operativo muy eficiente, siempre que compres tecnolog\u00eda POS, aseg\u00farate que sea con disco duro en estado s\u00f3lido, es una parte vital de este producto, que te va a permitir respaldos seguros y buen desempe\u00f1o, no te dejes confundir. Equipo de tipo robusto, resistente y con muy buen aspecto est\u00e9tico COLOR GRIS. Windows 11 PRO Corporativo Licenciado.<\/li>\n<li><strong>CAJ\u00d3N MONEDERO (NUEVO)<\/strong>\u00a0Met\u00e1lico robusto, de 5 espacios para billetes.<\/li>\n<li><strong>IMPRESORA TICKETS (NUEVA)<\/strong> De Acuerdo a Elecci\u00f3n.<\/li>\n<li><strong>LECTOR C\u00d3DIGOS DE BARRAS (NUEVO)<\/strong> De Acuerdo a Elecci\u00f3n o Sin el, si lo deseas.<\/li>\n<li><strong>OBSEQUIOS<\/strong>\u00a0Software Gestor POS y Otros, conoce sus funciones y especificaciones detalladas, en la ficha Obsequios<\/li>\n<\/ul>\n<p><strong>Conexi\u00f3n e Instalaci\u00f3n Sencillas:\u00a0<\/strong>Instalar tu Sistema con Facturaci\u00f3n Electr\u00f3nica Port\u00e1til, es muy sencillo. Todo viene listo para usar, pre instalado, y pre configurado, es solo conectar y listo.<\/p>\n","protected":false},"excerpt":{"rendered":"<ul>\n<li>Producto ideal para espacios compactos, de facil movilidad, ideal tambi\u00e9n para sat\u00e9lites y negocios m\u00f3biles<\/li>\n<li>Totalmente completo, compatible, eficiente y versatil por ser un elemento flexible de colocaci\u00f3n y portabilidad<\/li>\n<li>Producto moderno que facilitar\u00e1 de manera eficiente las operaciones en tu punto de pago<\/li>\n<li>Totalmente Actualizado con Windows 11 PRO Corporativo, 100% Compatible con Cualquier Software de Facturaci\u00f3n como Alegra, SIIGO y Cualquiera que desees usar<\/li>\n<li><a href=\"https:\/\/sistemasposcolombia.com\/tienda\/reembolso_devoluciones\/\"><strong>GARANT\u00cdA 12 MESES<\/strong><\/a><\/li>\n<\/ul>\n","protected":false},"featured_media":1726,"comment_status":"open","ping_status":"closed","template":"","meta":[],"product_brand":[],"product_cat":[22],"product_tag":[],"class_list":{"0":"post-1767","1":"product","2":"type-product","3":"status-publish","4":"has-post-thumbnail","6":"product_cat-sistemas-pos-completos","8":"first","9":"outofstock","10":"taxable","11":"shipping-taxable","12":"purchasable","13":"product-type-variable","14":"has-default-attributes"},"composite_virtual":false,"composite_layout":"","composite_add_to_cart_form_location":"","composite_editable_in_cart":false,"composite_sold_individually_context":"","composite_shop_price_calc":"","composite_components":[],"composite_scenarios":[],"yoast_head":"<!-- This site is optimized with the Yoast SEO Premium plugin v26.2 (Yoast SEO v26.2) - https:\/\/yoast.com\/wordpress\/plugins\/seo\/ -->\n<title>Sistema con Facturaci\u00f3n Electr\u00f3nica Port\u00e1til - Sistemas POS Colombia<\/title>\n<meta name=\"description\" content=\"Sistema con Facturaci\u00f3n Electr\u00f3nica Port\u00e1til, ideal para todo tipo de comercios, f\u00e1cil y r\u00e1pida liquidaci\u00f3n facturaci\u00f3n electr\u00f3nica eficiente y completa.\" \/>\n<meta name=\"robots\" content=\"index, follow, max-snippet:-1, max-image-preview:large, max-video-preview:-1\" \/>\n<link rel=\"canonical\" href=\"https:\/\/sistemasposcolombia.com\/tienda\/producto\/sistema-pos-punto-de-pago-completo-portatil-ultra-economico\/\" \/>\n<meta property=\"og:locale\" content=\"es_ES\" \/>\n<meta property=\"og:type\" content=\"article\" \/>\n<meta property=\"og:title\" content=\"Sistema POS Punto de Pago Completo Port\u00e1til Ultra Econ\u00f3mico\" \/>\n<meta property=\"og:description\" content=\"Sistema con Facturaci\u00f3n Electr\u00f3nica Port\u00e1til, ideal para todo tipo de comercios, f\u00e1cil y r\u00e1pida liquidaci\u00f3n facturaci\u00f3n electr\u00f3nica eficiente y completa.\" \/>\n<meta property=\"og:url\" content=\"https:\/\/sistemasposcolombia.com\/tienda\/producto\/sistema-pos-punto-de-pago-completo-portatil-ultra-economico\/\" \/>\n<meta property=\"og:site_name\" content=\"Sistemas POS Colombia\" \/>\n<meta property=\"article:publisher\" content=\"https:\/\/www.facebook.com\/sistemasposcolombia\" \/>\n<meta property=\"article:modified_time\" content=\"2026-01-18T21:15:28+00:00\" \/>\n<meta property=\"og:image\" content=\"https:\/\/sistemasposcolombia.com\/tienda\/wp-content\/uploads\/2024\/09\/POS-Completo-Portatil-Pequeno-1.jpg\" \/>\n\t<meta property=\"og:image:width\" content=\"1080\" \/>\n\t<meta property=\"og:image:height\" content=\"1080\" \/>\n\t<meta property=\"og:image:type\" content=\"image\/jpeg\" \/>\n<meta name=\"twitter:card\" content=\"summary_large_image\" \/>\n<meta name=\"twitter:label1\" content=\"Disponibilidad\" \/>\n\t<meta name=\"twitter:data1\" content=\"Sin existencias\" \/>\n<script type=\"application\/ld+json\" class=\"yoast-schema-graph\">{\"@context\":\"https:\/\/schema.org\",\"@graph\":[{\"@type\":\"WebPage\",\"@id\":\"https:\/\/sistemasposcolombia.com\/tienda\/producto\/sistema-pos-punto-de-pago-completo-portatil-ultra-economico\/\",\"url\":\"https:\/\/sistemasposcolombia.com\/tienda\/producto\/sistema-pos-punto-de-pago-completo-portatil-ultra-economico\/\",\"name\":\"Sistema con Facturaci\u00f3n Electr\u00f3nica Port\u00e1til - Sistemas POS Colombia\",\"isPartOf\":{\"@id\":\"https:\/\/sistemasposcolombia.com\/tienda\/#website\"},\"primaryImageOfPage\":{\"@id\":\"https:\/\/sistemasposcolombia.com\/tienda\/producto\/sistema-pos-punto-de-pago-completo-portatil-ultra-economico\/#primaryimage\"},\"image\":{\"@id\":\"https:\/\/sistemasposcolombia.com\/tienda\/producto\/sistema-pos-punto-de-pago-completo-portatil-ultra-economico\/#primaryimage\"},\"thumbnailUrl\":\"https:\/\/sistemasposcolombia.com\/tienda\/wp-content\/uploads\/2024\/09\/POS-Completo-Portatil-Pequeno-1.jpg\",\"datePublished\":\"2024-09-09T23:46:53+00:00\",\"dateModified\":\"2026-01-18T21:15:28+00:00\",\"description\":\"Sistema con Facturaci\u00f3n Electr\u00f3nica Port\u00e1til, ideal para todo tipo de comercios, f\u00e1cil y r\u00e1pida liquidaci\u00f3n facturaci\u00f3n electr\u00f3nica eficiente y completa.\",\"breadcrumb\":{\"@id\":\"https:\/\/sistemasposcolombia.com\/tienda\/producto\/sistema-pos-punto-de-pago-completo-portatil-ultra-economico\/#breadcrumb\"},\"inLanguage\":\"es\",\"potentialAction\":[{\"@type\":\"ReadAction\",\"target\":[\"https:\/\/sistemasposcolombia.com\/tienda\/producto\/sistema-pos-punto-de-pago-completo-portatil-ultra-economico\/\"]}]},{\"@type\":\"ImageObject\",\"inLanguage\":\"es\",\"@id\":\"https:\/\/sistemasposcolombia.com\/tienda\/producto\/sistema-pos-punto-de-pago-completo-portatil-ultra-economico\/#primaryimage\",\"url\":\"https:\/\/sistemasposcolombia.com\/tienda\/wp-content\/uploads\/2024\/09\/POS-Completo-Portatil-Pequeno-1.jpg\",\"contentUrl\":\"https:\/\/sistemasposcolombia.com\/tienda\/wp-content\/uploads\/2024\/09\/POS-Completo-Portatil-Pequeno-1.jpg\",\"width\":1080,\"height\":1080,\"caption\":\"Facturacion Electronica POS Portatil\"},{\"@type\":\"BreadcrumbList\",\"@id\":\"https:\/\/sistemasposcolombia.com\/tienda\/producto\/sistema-pos-punto-de-pago-completo-portatil-ultra-economico\/#breadcrumb\",\"itemListElement\":[{\"@type\":\"ListItem\",\"position\":1,\"name\":\"Portada\",\"item\":\"https:\/\/sistemasposcolombia.com\/tienda\/\"},{\"@type\":\"ListItem\",\"position\":2,\"name\":\"Tienda Oficial\",\"item\":\"https:\/\/sistemasposcolombia.com\/tienda\/\"},{\"@type\":\"ListItem\",\"position\":3,\"name\":\"Sistema POS Punto de Pago Completo Port\u00e1til Ultra Econ\u00f3mico\"}]},{\"@type\":\"WebSite\",\"@id\":\"https:\/\/sistemasposcolombia.com\/tienda\/#website\",\"url\":\"https:\/\/sistemasposcolombia.com\/tienda\/\",\"name\":\"Sistemas POS Colombia\",\"description\":\"Tienda Oficial\",\"publisher\":{\"@id\":\"https:\/\/sistemasposcolombia.com\/tienda\/#organization\"},\"potentialAction\":[{\"@type\":\"SearchAction\",\"target\":{\"@type\":\"EntryPoint\",\"urlTemplate\":\"https:\/\/sistemasposcolombia.com\/tienda\/?s={search_term_string}\"},\"query-input\":{\"@type\":\"PropertyValueSpecification\",\"valueRequired\":true,\"valueName\":\"search_term_string\"}}],\"inLanguage\":\"es\"},{\"@type\":\"Organization\",\"@id\":\"https:\/\/sistemasposcolombia.com\/tienda\/#organization\",\"name\":\"Sistemas POS Colombia\",\"url\":\"https:\/\/sistemasposcolombia.com\/tienda\/\",\"logo\":{\"@type\":\"ImageObject\",\"inLanguage\":\"es\",\"@id\":\"https:\/\/sistemasposcolombia.com\/tienda\/#\/schema\/logo\/image\/\",\"url\":\"https:\/\/sistemasposcolombia.com\/tienda\/wp-content\/uploads\/2025\/10\/Logo-Header.webp\",\"contentUrl\":\"https:\/\/sistemasposcolombia.com\/tienda\/wp-content\/uploads\/2025\/10\/Logo-Header.webp\",\"width\":392,\"height\":192,\"caption\":\"Sistemas POS Colombia\"},\"image\":{\"@id\":\"https:\/\/sistemasposcolombia.com\/tienda\/#\/schema\/logo\/image\/\"},\"sameAs\":[\"https:\/\/www.facebook.com\/sistemasposcolombia\",\"https:\/\/www.instagram.com\/sistemasposcolombia\/\",\"https:\/\/www.youtube.com\/@sistemasposcolombia\",\"https:\/\/sistemasposcolombia.com\/\"]}]}<\/script>\n<meta property=\"og:availability\" content=\"out of stock\" \/>\n<meta property=\"product:availability\" content=\"out of stock\" \/>\n<meta property=\"product:condition\" content=\"new\" \/>\n<!-- \/ Yoast SEO Premium plugin. -->","yoast_head_json":{"title":"Sistema con Facturaci\u00f3n Electr\u00f3nica Port\u00e1til - Sistemas POS Colombia","description":"Sistema con Facturaci\u00f3n Electr\u00f3nica Port\u00e1til, ideal para todo tipo de comercios, f\u00e1cil y r\u00e1pida liquidaci\u00f3n facturaci\u00f3n electr\u00f3nica eficiente y completa.","robots":{"index":"index","follow":"follow","max-snippet":"max-snippet:-1","max-image-preview":"max-image-preview:large","max-video-preview":"max-video-preview:-1"},"canonical":"https:\/\/sistemasposcolombia.com\/tienda\/producto\/sistema-pos-punto-de-pago-completo-portatil-ultra-economico\/","og_locale":"es_ES","og_type":"article","og_title":"Sistema POS Punto de Pago Completo Port\u00e1til Ultra Econ\u00f3mico","og_description":"Sistema con Facturaci\u00f3n Electr\u00f3nica Port\u00e1til, ideal para todo tipo de comercios, f\u00e1cil y r\u00e1pida liquidaci\u00f3n facturaci\u00f3n electr\u00f3nica eficiente y completa.","og_url":"https:\/\/sistemasposcolombia.com\/tienda\/producto\/sistema-pos-punto-de-pago-completo-portatil-ultra-economico\/","og_site_name":"Sistemas POS Colombia","article_publisher":"https:\/\/www.facebook.com\/sistemasposcolombia","article_modified_time":"2026-01-18T21:15:28+00:00","og_image":[{"width":1080,"height":1080,"url":"https:\/\/sistemasposcolombia.com\/tienda\/wp-content\/uploads\/2024\/09\/POS-Completo-Portatil-Pequeno-1.jpg","type":"image\/jpeg"}],"twitter_card":"summary_large_image","twitter_misc":{"Disponibilidad":"Sin existencias"},"schema":{"@context":"https:\/\/schema.org","@graph":[{"@type":"WebPage","@id":"https:\/\/sistemasposcolombia.com\/tienda\/producto\/sistema-pos-punto-de-pago-completo-portatil-ultra-economico\/","url":"https:\/\/sistemasposcolombia.com\/tienda\/producto\/sistema-pos-punto-de-pago-completo-portatil-ultra-economico\/","name":"Sistema con Facturaci\u00f3n Electr\u00f3nica Port\u00e1til - Sistemas POS Colombia","isPartOf":{"@id":"https:\/\/sistemasposcolombia.com\/tienda\/#website"},"primaryImageOfPage":{"@id":"https:\/\/sistemasposcolombia.com\/tienda\/producto\/sistema-pos-punto-de-pago-completo-portatil-ultra-economico\/#primaryimage"},"image":{"@id":"https:\/\/sistemasposcolombia.com\/tienda\/producto\/sistema-pos-punto-de-pago-completo-portatil-ultra-economico\/#primaryimage"},"thumbnailUrl":"https:\/\/sistemasposcolombia.com\/tienda\/wp-content\/uploads\/2024\/09\/POS-Completo-Portatil-Pequeno-1.jpg","datePublished":"2024-09-09T23:46:53+00:00","dateModified":"2026-01-18T21:15:28+00:00","description":"Sistema con Facturaci\u00f3n Electr\u00f3nica Port\u00e1til, ideal para todo tipo de comercios, f\u00e1cil y r\u00e1pida liquidaci\u00f3n facturaci\u00f3n electr\u00f3nica eficiente y completa.","breadcrumb":{"@id":"https:\/\/sistemasposcolombia.com\/tienda\/producto\/sistema-pos-punto-de-pago-completo-portatil-ultra-economico\/#breadcrumb"},"inLanguage":"es","potentialAction":[{"@type":"ReadAction","target":["https:\/\/sistemasposcolombia.com\/tienda\/producto\/sistema-pos-punto-de-pago-completo-portatil-ultra-economico\/"]}]},{"@type":"ImageObject","inLanguage":"es","@id":"https:\/\/sistemasposcolombia.com\/tienda\/producto\/sistema-pos-punto-de-pago-completo-portatil-ultra-economico\/#primaryimage","url":"https:\/\/sistemasposcolombia.com\/tienda\/wp-content\/uploads\/2024\/09\/POS-Completo-Portatil-Pequeno-1.jpg","contentUrl":"https:\/\/sistemasposcolombia.com\/tienda\/wp-content\/uploads\/2024\/09\/POS-Completo-Portatil-Pequeno-1.jpg","width":1080,"height":1080,"caption":"Facturacion Electronica POS Portatil"},{"@type":"BreadcrumbList","@id":"https:\/\/sistemasposcolombia.com\/tienda\/producto\/sistema-pos-punto-de-pago-completo-portatil-ultra-economico\/#breadcrumb","itemListElement":[{"@type":"ListItem","position":1,"name":"Portada","item":"https:\/\/sistemasposcolombia.com\/tienda\/"},{"@type":"ListItem","position":2,"name":"Tienda Oficial","item":"https:\/\/sistemasposcolombia.com\/tienda\/"},{"@type":"ListItem","position":3,"name":"Sistema POS Punto de Pago Completo Port\u00e1til Ultra Econ\u00f3mico"}]},{"@type":"WebSite","@id":"https:\/\/sistemasposcolombia.com\/tienda\/#website","url":"https:\/\/sistemasposcolombia.com\/tienda\/","name":"Sistemas POS Colombia","description":"Tienda Oficial","publisher":{"@id":"https:\/\/sistemasposcolombia.com\/tienda\/#organization"},"potentialAction":[{"@type":"SearchAction","target":{"@type":"EntryPoint","urlTemplate":"https:\/\/sistemasposcolombia.com\/tienda\/?s={search_term_string}"},"query-input":{"@type":"PropertyValueSpecification","valueRequired":true,"valueName":"search_term_string"}}],"inLanguage":"es"},{"@type":"Organization","@id":"https:\/\/sistemasposcolombia.com\/tienda\/#organization","name":"Sistemas POS Colombia","url":"https:\/\/sistemasposcolombia.com\/tienda\/","logo":{"@type":"ImageObject","inLanguage":"es","@id":"https:\/\/sistemasposcolombia.com\/tienda\/#\/schema\/logo\/image\/","url":"https:\/\/sistemasposcolombia.com\/tienda\/wp-content\/uploads\/2025\/10\/Logo-Header.webp","contentUrl":"https:\/\/sistemasposcolombia.com\/tienda\/wp-content\/uploads\/2025\/10\/Logo-Header.webp","width":392,"height":192,"caption":"Sistemas POS Colombia"},"image":{"@id":"https:\/\/sistemasposcolombia.com\/tienda\/#\/schema\/logo\/image\/"},"sameAs":["https:\/\/www.facebook.com\/sistemasposcolombia","https:\/\/www.instagram.com\/sistemasposcolombia\/","https:\/\/www.youtube.com\/@sistemasposcolombia","https:\/\/sistemasposcolombia.com\/"]}]},"og_availability":"out of stock","product_availability":"out of stock","product_condition":"new"},"_links":{"self":[{"href":"https:\/\/sistemasposcolombia.com\/tienda\/wp-json\/wp\/v2\/product\/1767","targetHints":{"allow":["GET"]}}],"collection":[{"href":"https:\/\/sistemasposcolombia.com\/tienda\/wp-json\/wp\/v2\/product"}],"about":[{"href":"https:\/\/sistemasposcolombia.com\/tienda\/wp-json\/wp\/v2\/types\/product"}],"replies":[{"embeddable":true,"href":"https:\/\/sistemasposcolombia.com\/tienda\/wp-json\/wp\/v2\/comments?post=1767"}],"wp:featuredmedia":[{"embeddable":true,"href":"https:\/\/sistemasposcolombia.com\/tienda\/wp-json\/wp\/v2\/media\/1726"}],"wp:attachment":[{"href":"https:\/\/sistemasposcolombia.com\/tienda\/wp-json\/wp\/v2\/media?parent=1767"}],"wp:term":[{"taxonomy":"product_brand","embeddable":true,"href":"https:\/\/sistemasposcolombia.com\/tienda\/wp-json\/wp\/v2\/product_brand?post=1767"},{"taxonomy":"product_cat","embeddable":true,"href":"https:\/\/sistemasposcolombia.com\/tienda\/wp-json\/wp\/v2\/product_cat?post=1767"},{"taxonomy":"product_tag","embeddable":true,"href":"https:\/\/sistemasposcolombia.com\/tienda\/wp-json\/wp\/v2\/product_tag?post=1767"}],"curies":[{"name":"wp","href":"https:\/\/api.w.org\/{rel}","templated":true}]}}