{"id":4102,"date":"2026-03-05T19:30:46","date_gmt":"2026-03-06T00:30:46","guid":{"rendered":"https:\/\/sistemasposcolombia.com\/tienda\/?page_id=4102"},"modified":"2026-05-12T10:19:05","modified_gmt":"2026-05-12T15:19:05","slug":"politica-de-envios","status":"publish","type":"page","link":"https:\/\/sistemasposcolombia.com\/tienda\/politica-de-envios\/","title":{"rendered":"Pol\u00edtica de Env\u00edos"},"content":{"rendered":"\t\t<div data-elementor-type=\"wp-page\" data-elementor-id=\"4102\" class=\"elementor elementor-4102\" data-elementor-post-type=\"page\">\n\t\t\t\t<div class=\"elementor-element elementor-element-d2a9c6a e-flex e-con-boxed e-con e-parent\" data-id=\"d2a9c6a\" data-element_type=\"container\" data-e-type=\"container\">\r\n\t\t\t\t\t<div class=\"e-con-inner\">\r\n\t\t<div class=\"elementor-element elementor-element-0b445fa e-con-full e-flex e-con e-child\" data-id=\"0b445fa\" data-element_type=\"container\" data-e-type=\"container\">\r\n\t\t\t\t<div class=\"elementor-element elementor-element-913a046 elementor-widget elementor-widget-text-editor\" data-id=\"913a046\" data-element_type=\"widget\" data-e-type=\"widget\" data-widget_type=\"text-editor.default\">\n\t\t\t\t<div class=\"elementor-widget-container\">\n\t\t\t\t\t\t\t\t\t<h3>&nbsp;<\/h3>\n<h1 style=\"text-align: center;\" data-section-id=\"1n6dqwd\" data-start=\"603\" data-end=\"626\">\ud83d\ude9a Pol\u00edtica de Env\u00edos<\/h1>\n<h2 data-section-id=\"1cenhhs\" data-start=\"529\" data-end=\"561\">Env\u00edo gratis a nivel nacional<\/h2>\n<p data-start=\"563\" data-end=\"712\">En <strong data-start=\"566\" data-end=\"591\">Sistemas POS Colombia<\/strong> ofrecemos <strong data-start=\"602\" data-end=\"655\">env\u00edo gratis a la mayor\u00eda de destinos en Colombia<\/strong> en pedidos que cumplan con las condiciones establecidas.<\/p>\n<p data-start=\"714\" data-end=\"869\">Los pedidos son enviados desde <strong data-start=\"748\" data-end=\"758\">Bogot\u00e1<\/strong> utilizando transportadoras y plataformas log\u00edsticas especializadas para garantizar entregas r\u00e1pidas y seguras.<\/p>\n<h2 data-section-id=\"nkc14g\" data-start=\"876\" data-end=\"908\">Condiciones para env\u00edo gratis<\/h2>\n<p data-start=\"910\" data-end=\"942\">El <strong data-start=\"913\" data-end=\"929\">env\u00edo gratis<\/strong> aplica para:<\/p>\n<ul data-start=\"944\" data-end=\"1046\">\n<li data-section-id=\"8x1iet\" data-start=\"944\" data-end=\"975\">\n<p data-start=\"946\" data-end=\"975\">Pedidos <strong data-start=\"954\" data-end=\"975\">desde $80.000 COP<\/strong><\/p>\n<\/li>\n<li data-section-id=\"s6z6ly\" data-start=\"976\" data-end=\"1046\">\n<p data-start=\"978\" data-end=\"1046\"><strong data-start=\"978\" data-end=\"1046\">Ciudades principales y destinos con cobertura log\u00edstica est\u00e1ndar<\/strong><\/p>\n<\/li>\n<li data-section-id=\"s6z6ly\" data-start=\"976\" data-end=\"1046\">\n<p data-start=\"978\" data-end=\"1046\"><b>No es acumulable o aplicable en Pagos Contra Entrega, <\/b>es un beneficio para procesamiento de pagos Online en su 100%<\/p>\n<\/li>\n<\/ul>\n<p data-start=\"1048\" data-end=\"1145\">Nuestro objetivo es ofrecer una compra simple, clara y sin costos ocultos para nuestros clientes.<\/p>\n<h2 data-section-id=\"1fnqe7p\" data-start=\"1152\" data-end=\"1178\">Costo adicional en zonas de dif\u00edcil acceso<\/h2>\n<p data-start=\"1180\" data-end=\"1237\">Algunas transportadoras clasifican ciertos destinos como:<\/p>\n<ul data-start=\"1239\" data-end=\"1334\">\n<li data-section-id=\"zdp36g\" data-start=\"1239\" data-end=\"1259\">\n<p data-start=\"1241\" data-end=\"1259\">Zonas extendidas<\/p>\n<\/li>\n<li data-section-id=\"1gfzifs\" data-start=\"1260\" data-end=\"1287\">\n<p data-start=\"1262\" data-end=\"1287\">Zonas de dif\u00edcil acceso<\/p>\n<\/li>\n<li data-section-id=\"1rvmutj\" data-start=\"1288\" data-end=\"1310\">\n<p data-start=\"1290\" data-end=\"1310\">Cobertura especial<\/p>\n<\/li>\n<li data-section-id=\"142pf0j\" data-start=\"1311\" data-end=\"1334\">\n<p data-start=\"1313\" data-end=\"1334\">Municipios alejados<\/p>\n<\/li>\n<\/ul>\n<p data-start=\"1336\" data-end=\"1432\">En estos casos <strong data-start=\"1351\" data-end=\"1431\">puede generarse un peque\u00f1o costo log\u00edstico adicional no cubierto por el env\u00edo gratis<\/strong>.<\/p>\n<p data-start=\"1434\" data-end=\"1587\">Si el destino presenta esta condici\u00f3n, <strong data-start=\"1473\" data-end=\"1586\">informaremos el valor adicional antes del despacho para que el cliente decida si desea continuar con el env\u00edo, o reciba el reembolso total de su compra de forma inmediata<\/strong>.<\/p>\n<h2 data-section-id=\"kznea1\" data-start=\"1594\" data-end=\"1615\">Tiempo de despacho<\/h2>\n<p data-start=\"1617\" data-end=\"1664\">Los pedidos se despachan de la siguiente forma:<\/p>\n<ul data-start=\"1666\" data-end=\"1855\">\n<li data-section-id=\"1jk4o50\" data-start=\"1666\" data-end=\"1770\">\n<p data-start=\"1668\" data-end=\"1770\"><strong data-start=\"1668\" data-end=\"1690\">El mismo d\u00eda h\u00e1bil<\/strong>, si la compra se realiza antes de las <strong data-start=\"1729\" data-end=\"1740\">12:00 m<\/strong> y el pago ha sido confirmado.<\/p>\n<\/li>\n<li style=\"line-height: 24px;\" data-section-id=\"1n73cur\" data-start=\"1771\" data-end=\"1855\">\n<p data-start=\"1773\" data-end=\"1855\">Compras realizadas despu\u00e9s de ese horario&nbsp;<span style=\"font-weight: bold;\" data-start=\"1815\" data-end=\"1854\">se despachan el siguiente d\u00eda h\u00e1bil<\/span>.<span style=\"color: inherit; font-family: inherit; font-size: inherit; font-weight: inherit; letter-spacing: inherit;\">&nbsp;<\/span><\/p>\n<\/li>\n<li data-section-id=\"1jk4o50\" data-start=\"1666\" data-end=\"1770\">\n<p data-start=\"1668\" data-end=\"1770\">Para Sistemas POS Completos, realizamos embalaje especial e inspecci\u00f3n final de calidad antes del despacho. Por ello, el env\u00edo generalmente se realiza dentro de las siguientes 24 horas h\u00e1biles. Si compras temprano en d\u00eda h\u00e1bil, con es muy posible que pueda enviarse el mismo d\u00eda.<\/p>\n<\/li>\n<\/ul>\n<h2 data-section-id=\"f88ygw\" data-start=\"1862\" data-end=\"1882\">Tiempo de entrega<\/h2>\n<p data-start=\"1884\" data-end=\"1984\">El tiempo de entrega depende de la ciudad de destino y la transportadora, y normalmente tarda entre:<\/p>\n<p data-start=\"1986\" data-end=\"2009\"><strong data-start=\"1986\" data-end=\"2009\">1 y 5 d\u00edas h\u00e1biles. <\/strong><span data-start=\"1986\" data-end=\"2009\">Puedes c<\/span><span data-start=\"1986\" data-end=\"2009\">alcularlo teniendo como punto de origen Bogot\u00e1 DC.<\/span><\/p>\n<h2 data-section-id=\"10trluq\" data-start=\"612\" data-end=\"637\">Seguimiento del pedido<\/h2>\n<p data-start=\"639\" data-end=\"780\">Desde que se realiza el pedido, <strong data-start=\"671\" data-end=\"701\">en el menor tiempo posible<\/strong>, el cliente recibir\u00e1 toda la informaci\u00f3n posible relacionada con su compra, que puede incluir:<\/p>\n<ul data-start=\"782\" data-end=\"991\">\n<li data-section-id=\"n6slc4\" data-start=\"782\" data-end=\"810\">\n<p data-start=\"784\" data-end=\"810\">N\u00famero de gu\u00eda del env\u00edo<\/p>\n<\/li>\n<li data-section-id=\"1mobzrf\" data-start=\"811\" data-end=\"867\">\n<p data-start=\"813\" data-end=\"867\">Informaci\u00f3n para realizar el seguimiento del paquete<\/p>\n<\/li>\n<li data-section-id=\"t1nb7j\" data-start=\"868\" data-end=\"922\">\n<p data-start=\"870\" data-end=\"922\">Actualizaciones o notas relacionadas con el pedido<\/p>\n<\/li>\n<li data-section-id=\"1gr04a2\" data-start=\"923\" data-end=\"991\">\n<p data-start=\"925\" data-end=\"991\">Enlaces \u00fatiles o recursos relacionados con el producto adquirido<\/p>\n<\/li>\n<\/ul>\n<p data-start=\"993\" data-end=\"1176\">Esta informaci\u00f3n puede enviarse a trav\u00e9s del <strong data-start=\"1038\" data-end=\"1101\">correo electr\u00f3nico registrado en la compra y\/o v\u00eda WhatsApp<\/strong>, con el objetivo de mantener al cliente informado durante todo el proceso.<\/p>\n<h2 data-section-id=\"1ghmswx\" data-start=\"2250\" data-end=\"2275\">Informaci\u00f3n importante<\/h2>\n<h2 data-section-id=\"1ghmswx\" data-start=\"2250\" data-end=\"2275\"><span style=\"font-size: 16px;\">Los env\u00edos son realizados por <\/span><strong style=\"font-size: 16px;\" data-start=\"2309\" data-end=\"2344\">empresas de transporte externas<\/strong><span style=\"font-size: 16px;\">.<\/span><\/h2>\n<ul>\n<li style=\"list-style-type: none;\">\n<ul data-start=\"2277\" data-end=\"2547\">\n<li data-section-id=\"1e98dsr\" data-start=\"2346\" data-end=\"2440\">\n<p data-start=\"2348\" data-end=\"2440\">Los tiempos de entrega pueden variar por condiciones log\u00edsticas, de v\u00edas, orden p\u00fablico, clim\u00e1ticas o de transporte.<\/p>\n<\/li>\n<li data-section-id=\"1qbxt2e\" data-start=\"2441\" data-end=\"2547\">\n<p data-start=\"2443\" data-end=\"2547\">Es responsabilidad del cliente proporcionar <strong data-start=\"2487\" data-end=\"2546\">direcci\u00f3n y datos de contacto correctos para la entrega<\/strong>.<\/p>\n<\/li>\n<\/ul>\n<\/li>\n<\/ul>\n<p><!-- \/wp:paragraph --><\/p>\t\t\t\t\t\t\t\t<\/div>\n\t\t\t\t<\/div>\n\t\t\t\t<\/div>\n\t\t\t\t\t<\/div>\n\t\t\t\t<\/div>\n\t\t\t\t<\/div>\n\t\t","protected":false},"excerpt":{"rendered":"<p>&nbsp; \ud83d\ude9a Pol\u00edtica de Env\u00edos Env\u00edo gratis a nivel nacional En Sistemas POS Colombia ofrecemos env\u00edo gratis a la mayor\u00eda de destinos en Colombia en pedidos que cumplan con las condiciones establecidas. Los pedidos son enviados desde Bogot\u00e1 utilizando transportadoras y plataformas log\u00edsticas especializadas para garantizar entregas r\u00e1pidas y seguras. Condiciones para env\u00edo gratis El [&hellip;]<\/p>\n","protected":false},"author":1,"featured_media":0,"parent":0,"menu_order":0,"comment_status":"closed","ping_status":"closed","template":"","meta":{"footnotes":""},"class_list":["post-4102","page","type-page","status-publish","hentry"],"yoast_head":"<!-- This site is optimized with the Yoast SEO Premium plugin v26.2 (Yoast SEO v26.2) - https:\/\/yoast.com\/wordpress\/plugins\/seo\/ -->\n<title>Pol\u00edtica de Env\u00edos - Sistemas POS Colombia<\/title>\n<meta name=\"robots\" content=\"index, follow, max-snippet:-1, max-image-preview:large, max-video-preview:-1\" \/>\n<link rel=\"canonical\" href=\"https:\/\/sistemasposcolombia.com\/tienda\/politica-de-envios\/\" \/>\n<meta property=\"og:locale\" content=\"es_ES\" \/>\n<meta property=\"og:type\" content=\"article\" \/>\n<meta property=\"og:title\" content=\"Pol\u00edtica de Env\u00edos\" \/>\n<meta property=\"og:description\" content=\"&nbsp; \ud83d\ude9a Pol\u00edtica de Env\u00edos Env\u00edo gratis a nivel nacional En Sistemas POS Colombia ofrecemos env\u00edo gratis a la mayor\u00eda de destinos en Colombia en pedidos que cumplan con las condiciones establecidas. Los pedidos son enviados desde Bogot\u00e1 utilizando transportadoras y plataformas log\u00edsticas especializadas para garantizar entregas r\u00e1pidas y seguras. Condiciones para env\u00edo gratis El [&hellip;]\" \/>\n<meta property=\"og:url\" content=\"https:\/\/sistemasposcolombia.com\/tienda\/politica-de-envios\/\" \/>\n<meta property=\"og:site_name\" content=\"Sistemas POS Colombia\" \/>\n<meta property=\"article:publisher\" content=\"https:\/\/www.facebook.com\/sistemasposcolombia\" \/>\n<meta property=\"article:modified_time\" content=\"2026-05-12T15:19:05+00:00\" \/>\n<meta name=\"twitter:card\" content=\"summary_large_image\" \/>\n<meta name=\"twitter:label1\" content=\"Tiempo de lectura\" \/>\n\t<meta name=\"twitter:data1\" content=\"2 minutos\" \/>\n<script type=\"application\/ld+json\" class=\"yoast-schema-graph\">{\"@context\":\"https:\/\/schema.org\",\"@graph\":[{\"@type\":\"WebPage\",\"@id\":\"https:\/\/sistemasposcolombia.com\/tienda\/politica-de-envios\/\",\"url\":\"https:\/\/sistemasposcolombia.com\/tienda\/politica-de-envios\/\",\"name\":\"Pol\u00edtica de Env\u00edos - Sistemas POS Colombia\",\"isPartOf\":{\"@id\":\"https:\/\/sistemasposcolombia.com\/tienda\/#website\"},\"datePublished\":\"2026-03-06T00:30:46+00:00\",\"dateModified\":\"2026-05-12T15:19:05+00:00\",\"breadcrumb\":{\"@id\":\"https:\/\/sistemasposcolombia.com\/tienda\/politica-de-envios\/#breadcrumb\"},\"inLanguage\":\"es\",\"potentialAction\":[{\"@type\":\"ReadAction\",\"target\":[\"https:\/\/sistemasposcolombia.com\/tienda\/politica-de-envios\/\"]}]},{\"@type\":\"BreadcrumbList\",\"@id\":\"https:\/\/sistemasposcolombia.com\/tienda\/politica-de-envios\/#breadcrumb\",\"itemListElement\":[{\"@type\":\"ListItem\",\"position\":1,\"name\":\"Portada\",\"item\":\"https:\/\/sistemasposcolombia.com\/tienda\/\"},{\"@type\":\"ListItem\",\"position\":2,\"name\":\"Pol\u00edtica de Env\u00edos\"}]},{\"@type\":\"WebSite\",\"@id\":\"https:\/\/sistemasposcolombia.com\/tienda\/#website\",\"url\":\"https:\/\/sistemasposcolombia.com\/tienda\/\",\"name\":\"Sistemas POS Colombia\",\"description\":\"Tienda Oficial\",\"publisher\":{\"@id\":\"https:\/\/sistemasposcolombia.com\/tienda\/#organization\"},\"potentialAction\":[{\"@type\":\"SearchAction\",\"target\":{\"@type\":\"EntryPoint\",\"urlTemplate\":\"https:\/\/sistemasposcolombia.com\/tienda\/?s={search_term_string}\"},\"query-input\":{\"@type\":\"PropertyValueSpecification\",\"valueRequired\":true,\"valueName\":\"search_term_string\"}}],\"inLanguage\":\"es\"},{\"@type\":\"Organization\",\"@id\":\"https:\/\/sistemasposcolombia.com\/tienda\/#organization\",\"name\":\"Sistemas POS Colombia\",\"url\":\"https:\/\/sistemasposcolombia.com\/tienda\/\",\"logo\":{\"@type\":\"ImageObject\",\"inLanguage\":\"es\",\"@id\":\"https:\/\/sistemasposcolombia.com\/tienda\/#\/schema\/logo\/image\/\",\"url\":\"https:\/\/sistemasposcolombia.com\/tienda\/wp-content\/uploads\/2025\/10\/Logo-Header.webp\",\"contentUrl\":\"https:\/\/sistemasposcolombia.com\/tienda\/wp-content\/uploads\/2025\/10\/Logo-Header.webp\",\"width\":392,\"height\":192,\"caption\":\"Sistemas POS Colombia\"},\"image\":{\"@id\":\"https:\/\/sistemasposcolombia.com\/tienda\/#\/schema\/logo\/image\/\"},\"sameAs\":[\"https:\/\/www.facebook.com\/sistemasposcolombia\",\"https:\/\/www.instagram.com\/sistemasposcolombia\/\",\"https:\/\/www.youtube.com\/@sistemasposcolombia\",\"https:\/\/sistemasposcolombia.com\/\"]}]}<\/script>\n<!-- \/ Yoast SEO Premium plugin. -->","yoast_head_json":{"title":"Pol\u00edtica de Env\u00edos - Sistemas POS Colombia","robots":{"index":"index","follow":"follow","max-snippet":"max-snippet:-1","max-image-preview":"max-image-preview:large","max-video-preview":"max-video-preview:-1"},"canonical":"https:\/\/sistemasposcolombia.com\/tienda\/politica-de-envios\/","og_locale":"es_ES","og_type":"article","og_title":"Pol\u00edtica de Env\u00edos","og_description":"&nbsp; \ud83d\ude9a Pol\u00edtica de Env\u00edos Env\u00edo gratis a nivel nacional En Sistemas POS Colombia ofrecemos env\u00edo gratis a la mayor\u00eda de destinos en Colombia en pedidos que cumplan con las condiciones establecidas. Los pedidos son enviados desde Bogot\u00e1 utilizando transportadoras y plataformas log\u00edsticas especializadas para garantizar entregas r\u00e1pidas y seguras. Condiciones para env\u00edo gratis El [&hellip;]","og_url":"https:\/\/sistemasposcolombia.com\/tienda\/politica-de-envios\/","og_site_name":"Sistemas POS Colombia","article_publisher":"https:\/\/www.facebook.com\/sistemasposcolombia","article_modified_time":"2026-05-12T15:19:05+00:00","twitter_card":"summary_large_image","twitter_misc":{"Tiempo de lectura":"2 minutos"},"schema":{"@context":"https:\/\/schema.org","@graph":[{"@type":"WebPage","@id":"https:\/\/sistemasposcolombia.com\/tienda\/politica-de-envios\/","url":"https:\/\/sistemasposcolombia.com\/tienda\/politica-de-envios\/","name":"Pol\u00edtica de Env\u00edos - Sistemas POS Colombia","isPartOf":{"@id":"https:\/\/sistemasposcolombia.com\/tienda\/#website"},"datePublished":"2026-03-06T00:30:46+00:00","dateModified":"2026-05-12T15:19:05+00:00","breadcrumb":{"@id":"https:\/\/sistemasposcolombia.com\/tienda\/politica-de-envios\/#breadcrumb"},"inLanguage":"es","potentialAction":[{"@type":"ReadAction","target":["https:\/\/sistemasposcolombia.com\/tienda\/politica-de-envios\/"]}]},{"@type":"BreadcrumbList","@id":"https:\/\/sistemasposcolombia.com\/tienda\/politica-de-envios\/#breadcrumb","itemListElement":[{"@type":"ListItem","position":1,"name":"Portada","item":"https:\/\/sistemasposcolombia.com\/tienda\/"},{"@type":"ListItem","position":2,"name":"Pol\u00edtica de Env\u00edos"}]},{"@type":"WebSite","@id":"https:\/\/sistemasposcolombia.com\/tienda\/#website","url":"https:\/\/sistemasposcolombia.com\/tienda\/","name":"Sistemas POS Colombia","description":"Tienda Oficial","publisher":{"@id":"https:\/\/sistemasposcolombia.com\/tienda\/#organization"},"potentialAction":[{"@type":"SearchAction","target":{"@type":"EntryPoint","urlTemplate":"https:\/\/sistemasposcolombia.com\/tienda\/?s={search_term_string}"},"query-input":{"@type":"PropertyValueSpecification","valueRequired":true,"valueName":"search_term_string"}}],"inLanguage":"es"},{"@type":"Organization","@id":"https:\/\/sistemasposcolombia.com\/tienda\/#organization","name":"Sistemas POS Colombia","url":"https:\/\/sistemasposcolombia.com\/tienda\/","logo":{"@type":"ImageObject","inLanguage":"es","@id":"https:\/\/sistemasposcolombia.com\/tienda\/#\/schema\/logo\/image\/","url":"https:\/\/sistemasposcolombia.com\/tienda\/wp-content\/uploads\/2025\/10\/Logo-Header.webp","contentUrl":"https:\/\/sistemasposcolombia.com\/tienda\/wp-content\/uploads\/2025\/10\/Logo-Header.webp","width":392,"height":192,"caption":"Sistemas POS Colombia"},"image":{"@id":"https:\/\/sistemasposcolombia.com\/tienda\/#\/schema\/logo\/image\/"},"sameAs":["https:\/\/www.facebook.com\/sistemasposcolombia","https:\/\/www.instagram.com\/sistemasposcolombia\/","https:\/\/www.youtube.com\/@sistemasposcolombia","https:\/\/sistemasposcolombia.com\/"]}]}},"_links":{"self":[{"href":"https:\/\/sistemasposcolombia.com\/tienda\/wp-json\/wp\/v2\/pages\/4102","targetHints":{"allow":["GET"]}}],"collection":[{"href":"https:\/\/sistemasposcolombia.com\/tienda\/wp-json\/wp\/v2\/pages"}],"about":[{"href":"https:\/\/sistemasposcolombia.com\/tienda\/wp-json\/wp\/v2\/types\/page"}],"author":[{"embeddable":true,"href":"https:\/\/sistemasposcolombia.com\/tienda\/wp-json\/wp\/v2\/users\/1"}],"replies":[{"embeddable":true,"href":"https:\/\/sistemasposcolombia.com\/tienda\/wp-json\/wp\/v2\/comments?post=4102"}],"version-history":[{"count":0,"href":"https:\/\/sistemasposcolombia.com\/tienda\/wp-json\/wp\/v2\/pages\/4102\/revisions"}],"wp:attachment":[{"href":"https:\/\/sistemasposcolombia.com\/tienda\/wp-json\/wp\/v2\/media?parent=4102"}],"curies":[{"name":"wp","href":"https:\/\/api.w.org\/{rel}","templated":true}]}}